CRAN Package Check Results for Package readtext

Last updated on 2019-09-15 08:47:27 CEST.

Flavor Version Tinstall Tcheck Ttotal Status Flags
r-devel-linux-x86_64-debian-clang 0.75 4.92 55.75 60.67 OK
r-devel-linux-x86_64-debian-gcc 0.75 3.87 44.45 48.32 OK
r-devel-linux-x86_64-fedora-clang 0.75 70.83 NOTE
r-devel-linux-x86_64-fedora-gcc 0.75 70.80 NOTE
r-devel-windows-ix86+x86_64 0.75 21.00 103.00 124.00 OK
r-patched-linux-x86_64 0.75 4.58 54.53 59.11 OK
r-patched-solaris-x86 0.75 131.80 NOTE
r-release-linux-x86_64 0.75 4.23 54.84 59.07 OK
r-release-windows-ix86+x86_64 0.75 8.00 75.00 83.00 OK
r-release-osx-x86_64 0.75 NOTE
r-oldrel-windows-ix86+x86_64 0.75 13.00 76.00 89.00 OK
r-oldrel-osx-x86_64 0.75 NOTE

Check Details

Version: 0.75
Check: data for non-ASCII characters
Result: NOTE
     Note: found 1 marked Latin-1 string
     Note: found 1 marked UTF-8 string
     Note: found 7 strings marked as "bytes"
Flavors: r-devel-linux-x86_64-fedora-clang, r-devel-linux-x86_64-fedora-gcc, r-patched-solaris-x86, r-release-osx-x86_64, r-oldrel-osx-x86_64