CRAN Package Check Results for Package readxlsb

Last updated on 2021-05-08 05:57:18 CEST.

Flavor Version Tinstall Tcheck Ttotal Status Flags
r-devel-linux-x86_64-debian-clang 0.1.4 57.20 29.72 86.92 OK
r-devel-linux-x86_64-debian-gcc 0.1.4 38.64 23.44 62.08 OK
r-devel-linux-x86_64-fedora-clang 0.1.4 128.38 OK
r-devel-linux-x86_64-fedora-gcc 0.1.4 115.80 OK
r-devel-windows-ix86+x86_64 0.1.4 109.00 5.00 114.00 ERROR
r-devel-windows-x86_64-gcc10-UCRT 0.1.4 OK
r-patched-linux-x86_64 0.1.4 49.72 29.06 78.78 OK
r-patched-solaris-x86 0.1.4 119.40 OK
r-release-linux-x86_64 0.1.4 52.16 28.23 80.39 OK
r-release-macos-x86_64 0.1.4 OK
r-release-windows-ix86+x86_64 0.1.4 117.00 74.00 191.00 OK
r-oldrel-macos-x86_64 0.1.4 OK
r-oldrel-windows-ix86+x86_64 0.1.4 139.00 71.00 210.00 OK

Check Details

Version: 0.1.4
Check: whether package can be installed
Result: ERROR
    Installation failed.
Flavor: r-devel-windows-ix86+x86_64