Last updated on 2022-05-19 11:54:27 CEST.
Flavor | Version | Tinstall | Tcheck | Ttotal | Status | Flags |
---|---|---|---|---|---|---|
r-devel-linux-x86_64-debian-clang | 0.3.0 | 16.95 | 191.53 | 208.48 | OK | |
r-devel-linux-x86_64-debian-gcc | 0.3.0 | 12.45 | 137.86 | 150.31 | OK | |
r-devel-linux-x86_64-fedora-clang | 0.3.0 | 234.09 | NOTE | |||
r-devel-linux-x86_64-fedora-gcc | 0.3.0 | 231.94 | NOTE | |||
r-devel-windows-x86_64 | 0.3.0 | 80.00 | 213.00 | 293.00 | OK | |
r-patched-linux-x86_64 | 0.3.0 | 15.81 | 177.15 | 192.96 | OK | |
r-release-linux-x86_64 | 0.3.0 | 12.29 | 175.18 | 187.47 | OK | |
r-release-macos-arm64 | 0.3.0 | 59.00 | NOTE | |||
r-release-macos-x86_64 | 0.3.0 | 111.00 | NOTE | |||
r-release-windows-x86_64 | 0.3.0 | 74.00 | 213.00 | 287.00 | OK | |
r-oldrel-macos-arm64 | 0.3.0 | 71.00 | NOTE | |||
r-oldrel-macos-x86_64 | 0.3.0 | 77.00 | NOTE | |||
r-oldrel-windows-ix86+x86_64 | 0.3.0 | 29.00 | 202.00 | 231.00 | OK |
Version: 0.3.0
Check: dependencies in R code
Result: NOTE
Namespace in Imports field not imported from: ‘R6’
All declared Imports should be used.
Flavors: r-devel-linux-x86_64-fedora-clang, r-devel-linux-x86_64-fedora-gcc, r-release-macos-arm64, r-release-macos-x86_64, r-oldrel-macos-arm64, r-oldrel-macos-x86_64