CRAN Package Check Results for Package rebus.base

Last updated on 2024-03-04 04:51:40 CET.

Flavor Version Tinstall Tcheck Ttotal Status Flags
r-devel-linux-x86_64-debian-clang 0.0-3 2.55 26.55 29.10 NOTE
r-devel-linux-x86_64-debian-gcc 0.0-3 2.04 20.84 22.88 NOTE
r-devel-linux-x86_64-fedora-clang 0.0-3 36.23 NOTE
r-devel-linux-x86_64-fedora-gcc 0.0-3 36.41 NOTE
r-devel-windows-x86_64 0.0-3 3.00 45.00 48.00 NOTE
r-patched-linux-x86_64 0.0-3 3.10 26.66 29.76 NOTE
r-release-linux-x86_64 0.0-3 1.90 26.37 28.27 NOTE
r-release-macos-arm64 0.0-3 19.00 NOTE
r-release-macos-x86_64 0.0-3 23.00 NOTE
r-release-windows-x86_64 0.0-3 4.00 47.00 51.00 NOTE
r-oldrel-macos-arm64 0.0-3 17.00 NOTE
r-oldrel-windows-x86_64 0.0-3 4.00 48.00 52.00 NOTE

Check Details

Version: 0.0-3
Check: LazyData
Result: NOTE 'LazyData' is specified without a 'data' directory Flavors: r-devel-linux-x86_64-debian-clang, r-devel-linux-x86_64-debian-gcc, r-devel-linux-x86_64-fedora-clang, r-devel-linux-x86_64-fedora-gcc, r-devel-windows-x86_64, r-patched-linux-x86_64, r-release-linux-x86_64, r-release-macos-arm64, r-release-macos-x86_64, r-release-windows-x86_64, r-oldrel-macos-arm64, r-oldrel-windows-x86_64

Version: 0.0-3
Check: Rd cross-references
Result: NOTE Undeclared package ‘rebus.unicode’ in Rd xrefs Flavor: r-devel-linux-x86_64-fedora-clang