Last updated on 2025-01-21 01:50:06 CET.
Flavor | Version | Tinstall | Tcheck | Ttotal | Status | Flags |
---|---|---|---|---|---|---|
r-devel-linux-x86_64-debian-clang | 1.2 | 3.39 | 28.75 | 32.14 | OK | |
r-devel-linux-x86_64-debian-gcc | 1.2 | 2.55 | 22.36 | 24.91 | OK | |
r-devel-linux-x86_64-fedora-clang | 1.2 | 50.66 | OK | |||
r-devel-linux-x86_64-fedora-gcc | 1.2 | 51.43 | OK | |||
r-devel-windows-x86_64 | 1.2 | 5.00 | 52.00 | 57.00 | OK | |
r-patched-linux-x86_64 | 1.2 | 3.76 | 27.38 | 31.14 | NOTE | |
r-release-linux-x86_64 | 1.2 | 3.07 | 27.36 | 30.43 | NOTE | |
r-release-macos-arm64 | 1.2 | 20.00 | NOTE | |||
r-release-macos-x86_64 | 1.2 | 25.00 | NOTE | |||
r-release-windows-x86_64 | 1.2 | 5.00 | 54.00 | 59.00 | NOTE | |
r-oldrel-macos-arm64 | 1.2 | 20.00 | NOTE | |||
r-oldrel-macos-x86_64 | 1.2 | 24.00 | NOTE | |||
r-oldrel-windows-x86_64 | 1.2 | 7.00 | 56.00 | 63.00 | NOTE |
Version: 1.2
Check: LazyData
Result: NOTE
'LazyData' is specified without a 'data' directory
Flavors: r-patched-linux-x86_64, r-release-linux-x86_64, r-release-macos-arm64, r-release-macos-x86_64, r-release-windows-x86_64, r-oldrel-macos-arm64, r-oldrel-macos-x86_64, r-oldrel-windows-x86_64