CRAN Package Check Results for Package recipes

Last updated on 2019-02-15 20:47:03 CET.

Flavor Version Tinstall Tcheck Ttotal Status Flags
r-devel-linux-x86_64-debian-clang 0.1.4 13.12 209.42 222.54 OK
r-devel-linux-x86_64-debian-gcc 0.1.4 12.17 162.19 174.36 OK
r-devel-linux-x86_64-fedora-clang 0.1.4 269.90 NOTE
r-devel-linux-x86_64-fedora-gcc 0.1.4 244.77 NOTE
r-devel-windows-ix86+x86_64 0.1.4 36.00 287.00 323.00 OK
r-patched-linux-x86_64 0.1.4 11.70 188.66 200.36 OK
r-patched-solaris-x86 0.1.4 333.30 NOTE
r-release-linux-x86_64 0.1.4 13.95 189.06 203.01 OK
r-release-windows-ix86+x86_64 0.1.4 22.00 267.00 289.00 OK
r-release-osx-x86_64 0.1.4 WARN
r-oldrel-windows-ix86+x86_64 0.1.4 27.00 327.00 354.00 OK
r-oldrel-osx-x86_64 0.1.4 WARN

Check Details

Version: 0.1.4
Check: dependencies in R code
Result: NOTE
    Namespace in Imports field not imported from: ‘RcppRoll’
     All declared Imports should be used.
Flavors: r-devel-linux-x86_64-fedora-clang, r-devel-linux-x86_64-fedora-gcc, r-patched-solaris-x86, r-release-osx-x86_64, r-oldrel-osx-x86_64

Version: 0.1.4
Check: Rd cross-references
Result: WARN
    Missing link or links in documentation object 'step_nnmf.Rd':
     ‘[dimRed:NNMF]{dimRed::NNMF()}’
    
    See section 'Cross-references' in the 'Writing R Extensions' manual.
Flavors: r-release-osx-x86_64, r-oldrel-osx-x86_64