Last updated on 2025-01-19 05:49:18 CET.
Flavor | Version | Tinstall | Tcheck | Ttotal | Status | Flags |
---|---|---|---|---|---|---|
r-devel-linux-x86_64-debian-clang | 1.0.17 | 13.77 | 136.67 | 150.44 | NOTE | |
r-devel-linux-x86_64-debian-gcc | 1.0.17 | 11.68 | 95.01 | 106.69 | NOTE | |
r-devel-linux-x86_64-fedora-clang | 1.0.17 | 244.63 | OK | |||
r-devel-linux-x86_64-fedora-gcc | 1.0.17 | 264.98 | OK | |||
r-devel-windows-x86_64 | 1.0.17 | 19.00 | 144.00 | 163.00 | NOTE | |
r-patched-linux-x86_64 | 1.0.17 | 17.04 | 127.87 | 144.91 | OK | |
r-release-linux-x86_64 | 1.0.17 | 16.58 | 127.75 | 144.33 | OK | |
r-release-macos-arm64 | 1.0.17 | 66.00 | OK | |||
r-release-macos-x86_64 | 1.0.17 | 110.00 | OK | |||
r-release-windows-x86_64 | 1.0.17 | 19.00 | 145.00 | 164.00 | OK | |
r-oldrel-macos-arm64 | 1.0.17 | 70.00 | OK | |||
r-oldrel-macos-x86_64 | 1.0.17 | 211.00 | OK | |||
r-oldrel-windows-x86_64 | 1.0.17 | 24.00 | 170.00 | 194.00 | OK |
Version: 1.0.17
Check: Rd cross-references
Result: NOTE
Found the following Rd file(s) with Rd \link{} targets missing package
anchors:
as.recmap.SpatialPolygonsDataFrame.Rd: SpatialPolygonsDataFrame
dot-get_7triangles.Rd: SpatialPolygons
Please provide package anchors for all Rd \link{} targets not in the
package itself and the base packages.
Flavors: r-devel-linux-x86_64-debian-clang, r-devel-linux-x86_64-debian-gcc, r-devel-windows-x86_64