Last updated on 2022-05-24 08:53:36 CEST.
Flavor | Version | Tinstall | Tcheck | Ttotal | Status | Flags |
---|---|---|---|---|---|---|
r-devel-linux-x86_64-debian-clang | 1.0.11 | 26.05 | 207.94 | 233.99 | OK | |
r-devel-linux-x86_64-debian-gcc | 1.0.11 | 21.91 | 144.89 | 166.80 | OK | |
r-devel-linux-x86_64-fedora-clang | 1.0.11 | 267.49 | NOTE | |||
r-devel-linux-x86_64-fedora-gcc | 1.0.11 | 238.99 | NOTE | |||
r-devel-windows-x86_64 | 1.0.11 | 34.00 | 197.00 | 231.00 | OK | |
r-patched-linux-x86_64 | 1.0.11 | 23.86 | 186.63 | 210.49 | OK | |
r-release-linux-x86_64 | 1.0.11 | OK | ||||
r-release-macos-arm64 | 1.0.11 | 41.00 | NOTE | |||
r-release-macos-x86_64 | 1.0.11 | 65.00 | NOTE | |||
r-release-windows-x86_64 | 1.0.11 | 36.00 | 201.00 | 237.00 | OK | |
r-oldrel-macos-arm64 | 1.0.11 | 36.00 | NOTE | |||
r-oldrel-macos-x86_64 | 1.0.11 | 62.00 | NOTE | |||
r-oldrel-windows-ix86+x86_64 | 1.0.11 | 61.00 | 275.00 | 336.00 | OK |
Version: 1.0.11
Check: data for non-ASCII characters
Result: NOTE
Note: found 1036 marked UTF-8 strings
Flavors: r-devel-linux-x86_64-fedora-clang, r-devel-linux-x86_64-fedora-gcc, r-release-macos-arm64, r-release-macos-x86_64, r-oldrel-macos-arm64, r-oldrel-macos-x86_64