CRAN Package Check Results for Package recogito

Last updated on 2022-12-05 06:51:50 CET.

Flavor Version Tinstall Tcheck Ttotal Status Flags
r-devel-linux-x86_64-debian-clang 0.2.1 4.63 40.07 44.70 OK
r-devel-linux-x86_64-debian-gcc 0.2.1 3.26 28.88 32.14 OK
r-devel-linux-x86_64-fedora-clang 0.2.1 62.86 NOTE
r-devel-linux-x86_64-fedora-gcc 0.2.1 60.08 OK
r-devel-windows-x86_64 0.2.1 264.00 69.00 333.00 NOTE
r-patched-linux-x86_64 0.2.1 4.73 36.14 40.87 OK
r-release-linux-x86_64 0.2.1 4.77 36.47 41.24 OK
r-release-macos-arm64 0.2.1 18.00 NOTE
r-release-macos-x86_64 0.2.1 29.00 NOTE
r-release-windows-x86_64 0.2.1 304.00 70.00 374.00 NOTE
r-oldrel-macos-arm64 0.2.1 22.00 NOTE
r-oldrel-macos-x86_64 0.2.1 32.00 NOTE
r-oldrel-windows-ix86+x86_64 0.2.1 11.00 59.00 70.00 NOTE

Check Details

Version: 0.2.1
Check: package dependencies
Result: NOTE
    Package suggested but not available for checking: ‘opencv’
Flavor: r-devel-linux-x86_64-fedora-clang

Version: 0.2.1
Check: installed package size
Result: NOTE
     installed size is 10.4Mb
     sub-directories of 1Mb or more:
     htmlwidgets 9.9Mb
Flavors: r-devel-linux-x86_64-fedora-clang, r-devel-windows-x86_64, r-release-macos-arm64, r-release-macos-x86_64, r-release-windows-x86_64, r-oldrel-macos-arm64, r-oldrel-macos-x86_64, r-oldrel-windows-ix86+x86_64