CRAN Package Check Results for Package redcapAPI

Last updated on 2018-08-17 07:47:45 CEST.

Flavor Version Tinstall Tcheck Ttotal Status Flags
r-devel-linux-x86_64-debian-clang 2.2 3.32 29.08 32.40 OK
r-devel-linux-x86_64-debian-gcc 2.2 2.59 23.32 25.91 OK
r-devel-linux-x86_64-fedora-clang 2.2 38.68 NOTE
r-devel-linux-x86_64-fedora-gcc 2.2 36.83 NOTE
r-devel-windows-ix86+x86_64 2.2 11.00 54.00 65.00 OK
r-patched-linux-x86_64 2.2 2.77 27.18 29.95 OK
r-patched-solaris-x86 2.2 50.90 NOTE
r-release-linux-x86_64 2.2 3.93 27.30 31.23 OK
r-release-windows-ix86+x86_64 2.2 8.00 49.00 57.00 OK
r-release-osx-x86_64 2.2 NOTE
r-oldrel-windows-ix86+x86_64 2.2 6.00 39.00 45.00 OK
r-oldrel-osx-x86_64 2.2 NOTE

Check Details

Version: 2.2
Check: dependencies in R code
Result: NOTE
    Namespaces in Imports field not imported from:
     ‘DBI’ ‘readr’
     All declared Imports should be used.
Flavors: r-devel-linux-x86_64-fedora-clang, r-devel-linux-x86_64-fedora-gcc, r-patched-solaris-x86, r-release-osx-x86_64, r-oldrel-osx-x86_64