CRAN Package Check Results for Package redcapAPI

Last updated on 2018-05-27 21:47:58 CEST.

Flavor Version Tinstall Tcheck Ttotal Status Flags
r-devel-linux-x86_64-debian-clang 2.1 3.67 29.59 33.26 OK
r-devel-linux-x86_64-debian-gcc 2.1 3.12 23.05 26.17 OK
r-devel-linux-x86_64-fedora-clang 2.1 40.41 NOTE
r-devel-linux-x86_64-fedora-gcc 2.1 38.32 NOTE
r-devel-windows-ix86+x86_64 2.1 6.00 42.00 48.00 OK
r-patched-linux-x86_64 2.1 2.73 28.54 31.27 OK
r-patched-solaris-x86 2.1 53.40 NOTE
r-release-linux-x86_64 2.1 3.65 28.46 32.11 OK
r-release-windows-ix86+x86_64 2.1 10.00 58.00 68.00 OK
r-release-osx-x86_64 2.1 NOTE
r-oldrel-windows-ix86+x86_64 2.1 5.00 39.00 44.00 OK
r-oldrel-osx-x86_64 2.0 NOTE

Check Details

Version: 2.1
Check: dependencies in R code
Result: NOTE
    Namespace in Imports field not imported from: ‘DBI’
     All declared Imports should be used.
Flavors: r-devel-linux-x86_64-fedora-clang, r-devel-linux-x86_64-fedora-gcc, r-patched-solaris-x86, r-release-osx-x86_64

Version: 2.0
Check: dependencies in R code
Result: NOTE
    Namespace in Imports field not imported from: ‘DBI’
     All declared Imports should be used.
Flavor: r-oldrel-osx-x86_64