CRAN Package Check Results for Package redcapAPI

Last updated on 2019-01-24 06:47:22 CET.

Flavor Version Tinstall Tcheck Ttotal Status Flags
r-devel-linux-x86_64-debian-clang 2.2 3.57 29.40 32.97 OK
r-devel-linux-x86_64-debian-gcc 2.2 3.24 23.36 26.60 OK
r-devel-linux-x86_64-fedora-clang 2.2 39.37 NOTE
r-devel-linux-x86_64-fedora-gcc 2.2 36.90 NOTE
r-devel-windows-ix86+x86_64 2.2 8.00 41.00 49.00 OK
r-patched-linux-x86_64 2.2 3.44 27.50 30.94 OK
r-patched-solaris-x86 2.2 51.60 NOTE
r-release-linux-x86_64 2.2 2.68 27.43 30.11 OK
r-release-windows-ix86+x86_64 2.2 6.00 52.00 58.00 OK
r-release-osx-x86_64 2.2 NOTE
r-oldrel-windows-ix86+x86_64 2.2 6.00 38.00 44.00 OK
r-oldrel-osx-x86_64 2.2 NOTE

Check Details

Version: 2.2
Check: dependencies in R code
Result: NOTE
    Namespaces in Imports field not imported from:
     ‘DBI’ ‘readr’
     All declared Imports should be used.
Flavors: r-devel-linux-x86_64-fedora-clang, r-devel-linux-x86_64-fedora-gcc, r-patched-solaris-x86, r-release-osx-x86_64, r-oldrel-osx-x86_64