CRAN Package Check Results for Package redcapAPI

Last updated on 2018-02-20 19:48:34 CET.

Flavor Version Tinstall Tcheck Ttotal Status Flags
r-devel-linux-x86_64-debian-clang 2.0 3.49 26.26 29.75 OK
r-devel-linux-x86_64-debian-gcc 2.0 2.80 20.38 23.18 OK
r-devel-linux-x86_64-fedora-clang 2.0 35.04 NOTE
r-devel-linux-x86_64-fedora-gcc 2.0 33.85 NOTE
r-devel-windows-ix86+x86_64 2.0 5.00 38.00 43.00 OK
r-patched-linux-x86_64 2.0 1.14 25.37 26.51 OK
r-patched-solaris-x86 2.0 38.70 NOTE
r-release-linux-x86_64 2.0 1.18 25.40 26.58 OK
r-release-windows-ix86+x86_64 2.0 6.00 48.00 54.00 OK
r-release-osx-x86_64 2.0 NOTE
r-oldrel-windows-ix86+x86_64 2.0 6.00 43.00 49.00 OK
r-oldrel-osx-x86_64 1.3 NOTE

Check Details

Version: 2.0
Check: dependencies in R code
Result: NOTE
    Namespace in Imports field not imported from: ‘DBI’
     All declared Imports should be used.
Flavors: r-devel-linux-x86_64-fedora-clang, r-devel-linux-x86_64-fedora-gcc, r-patched-solaris-x86, r-release-osx-x86_64

Version: 1.3
Check: R code for possible problems
Result: NOTE
    allocationTable_offline: no visible global function definition for
     ‘read.csv’
    exportArms.redcapApiConnection: no visible global function definition
     for ‘read.csv’
    exportEvents.redcapApiConnection: no visible global function definition
     for ‘read.csv’
    exportInstruments.redcapApiConnection: no visible global function
     definition for ‘read.csv’
    exportMappings.redcapApiConnection: no visible global function
     definition for ‘read.csv’
    exportMetaData.redcapApiConnection: no visible global function
     definition for ‘read.csv’
    exportRecords.redcapApiConnection: no visible global function
     definition for ‘read.csv’
    exportRecords.redcapApiConnection : <anonymous>: no visible global
     function definition for ‘read.csv’
    exportRecords_offline: no visible global function definition for
     ‘read.csv’
    exportReports.redcapApiConnection: no visible global function
     definition for ‘read.csv’
    exportUsers.redcapApiConnection: no visible global function definition
     for ‘read.csv’
    importRecords.redcapApiConnection : <anonymous>: no visible global
     function definition for ‘capture.output’
    importRecords.redcapApiConnection : <anonymous>: no visible global
     function definition for ‘write.table’
    importRecords.redcapApiConnection: no visible global function
     definition for ‘capture.output’
    importRecords.redcapApiConnection: no visible global function
     definition for ‘write.table’
    validateImport : printLog: no visible global function definition for
     ‘write.table’
    validateImport: no visible binding for global variable ‘tail’
    validateImport: no visible binding for global variable ‘head’
    Undefined global functions or variables:
     capture.output head read.csv tail write.table
    Consider adding
     importFrom("utils", "capture.output", "head", "read.csv", "tail",
     "write.table")
    to your NAMESPACE file.
Flavor: r-oldrel-osx-x86_64