CRAN Package Check Results for Package redist

Last updated on 2022-12-08 01:52:21 CET.

Flavor Version Tinstall Tcheck Ttotal Status Flags
r-devel-linux-x86_64-debian-clang 4.0.1 468.61 406.39 875.00 OK
r-devel-linux-x86_64-debian-gcc 4.0.1 360.17 285.40 645.57 OK
r-devel-linux-x86_64-fedora-clang 4.0.1 1273.28 NOTE
r-devel-linux-x86_64-fedora-gcc 4.0.1 1110.15 OK
r-devel-windows-x86_64 4.0.1 502.00 532.00 1034.00 NOTE
r-patched-linux-x86_64 4.0.1 296.56 365.63 662.19 OK
r-release-linux-x86_64 4.0.1 293.22 355.25 648.47 OK
r-release-macos-arm64 4.0.1 225.00 NOTE
r-release-macos-x86_64 4.0.1 342.00 NOTE
r-release-windows-x86_64 4.0.1 407.00 507.00 914.00 NOTE
r-oldrel-macos-arm64 4.0.1 207.00 NOTE
r-oldrel-macos-x86_64 4.0.1 346.00 NOTE
r-oldrel-windows-ix86+x86_64 4.0.1 1094.00 630.00 1724.00 NOTE

Check Details

Version: 4.0.1
Check: installed package size
Result: NOTE
     installed size is 5.4Mb
     sub-directories of 1Mb or more:
     data 1.2Mb
     libs 1.4Mb
Flavors: r-devel-linux-x86_64-fedora-clang, r-devel-windows-x86_64, r-release-macos-arm64, r-release-macos-x86_64, r-release-windows-x86_64, r-oldrel-macos-arm64, r-oldrel-macos-x86_64, r-oldrel-windows-ix86+x86_64

Version: 4.0.1
Check: package dependencies
Result: NOTE
    Package suggested but not available for checking: ‘Rmpi’
Flavors: r-release-macos-arm64, r-release-macos-x86_64, r-oldrel-macos-arm64, r-oldrel-macos-x86_64