Last updated on 2021-01-23 22:55:18 CET.
Flavor | Version | Tinstall | Tcheck | Ttotal | Status | Flags |
---|---|---|---|---|---|---|
r-devel-linux-x86_64-debian-clang | 2.0.2 | 350.50 | 207.49 | 557.99 | OK | |
r-devel-linux-x86_64-debian-gcc | 2.0.2 | 232.46 | 155.04 | 387.50 | OK | |
r-devel-linux-x86_64-fedora-clang | 2.0.2 | 753.20 | NOTE | |||
r-devel-linux-x86_64-fedora-gcc | 2.0.2 | 697.99 | OK | |||
r-devel-windows-ix86+x86_64 | 2.0.2 | 789.00 | 239.00 | 1028.00 | NOTE | |
r-patched-linux-x86_64 | 2.0.2 | 274.85 | 187.51 | 462.36 | OK | |
r-patched-solaris-x86 | 2.0.2 | 726.70 | OK | |||
r-release-linux-x86_64 | 2.0.2 | 279.99 | 191.27 | 471.26 | OK | |
r-release-macos-x86_64 | 2.0.2 | NOTE | ||||
r-release-windows-ix86+x86_64 | 2.0.2 | 666.00 | 327.00 | 993.00 | NOTE | |
r-oldrel-macos-x86_64 | 2.0.2 | NOTE | ||||
r-oldrel-windows-ix86+x86_64 | 2.0.2 | 625.00 | 299.00 | 924.00 | NOTE |
Version: 2.0.2
Check: installed package size
Result: NOTE
installed size is 21.1Mb
sub-directories of 1Mb or more:
data 1.8Mb
libs 17.8Mb
Flavors: r-devel-linux-x86_64-fedora-clang, r-devel-windows-ix86+x86_64, r-release-macos-x86_64, r-release-windows-ix86+x86_64, r-oldrel-macos-x86_64, r-oldrel-windows-ix86+x86_64
Version: 2.0.2
Check: package dependencies
Result: NOTE
Package suggested but not available for checking: ‘Rmpi’
Flavors: r-release-macos-x86_64, r-oldrel-macos-x86_64