Last updated on 2022-06-25 23:56:27 CEST.
Flavor | Version | Tinstall | Tcheck | Ttotal | Status | Flags |
---|---|---|---|---|---|---|
r-devel-linux-x86_64-debian-clang | 4.0.1 | 447.63 | 401.59 | 849.22 | OK | |
r-devel-linux-x86_64-debian-gcc | 4.0.1 | 361.88 | 282.17 | 644.05 | OK | |
r-devel-linux-x86_64-fedora-clang | 4.0.1 | 1188.87 | NOTE | |||
r-devel-linux-x86_64-fedora-gcc | 4.0.1 | 1067.21 | OK | |||
r-devel-windows-x86_64 | 4.0.1 | 377.00 | 477.00 | 854.00 | NOTE | |
r-patched-linux-x86_64 | 4.0.1 | 303.19 | 364.79 | 667.98 | OK | |
r-release-linux-x86_64 | 4.0.1 | 315.98 | 367.49 | 683.47 | OK | |
r-release-macos-arm64 | 4.0.1 | 225.00 | NOTE | |||
r-release-macos-x86_64 | 4.0.1 | 342.00 | NOTE | |||
r-release-windows-x86_64 | 4.0.1 | 395.00 | 500.00 | 895.00 | NOTE | |
r-oldrel-macos-arm64 | 4.0.1 | 207.00 | NOTE | |||
r-oldrel-macos-x86_64 | 4.0.1 | 346.00 | NOTE | |||
r-oldrel-windows-ix86+x86_64 | 4.0.1 | 1088.00 | 670.00 | 1758.00 | NOTE |
Version: 4.0.1
Check: installed package size
Result: NOTE
installed size is 16.5Mb
sub-directories of 1Mb or more:
data 1.2Mb
libs 12.5Mb
Flavors: r-devel-linux-x86_64-fedora-clang, r-devel-windows-x86_64, r-release-macos-arm64, r-release-macos-x86_64, r-release-windows-x86_64, r-oldrel-macos-arm64, r-oldrel-macos-x86_64, r-oldrel-windows-ix86+x86_64
Version: 4.0.1
Check: package dependencies
Result: NOTE
Package suggested but not available for checking: ‘Rmpi’
Flavors: r-release-macos-arm64, r-release-macos-x86_64, r-oldrel-macos-arm64, r-oldrel-macos-x86_64