CRAN Package Check Results for Package redland

Last updated on 2021-05-09 20:47:45 CEST.

Flavor Version Tinstall Tcheck Ttotal Status Flags
r-devel-linux-x86_64-debian-clang 1.0.17-14 13.63 66.77 80.40 OK
r-devel-linux-x86_64-debian-gcc 1.0.17-14 10.36 51.60 61.96 OK
r-devel-linux-x86_64-fedora-clang 1.0.17-14 106.17 OK
r-devel-linux-x86_64-fedora-gcc 1.0.17-14 96.66 OK
r-devel-windows-ix86+x86_64 1.0.17-14 24.00 138.00 162.00 NOTE
r-devel-windows-x86_64-gcc10-UCRT 1.0.17-14 OK
r-patched-linux-x86_64 1.0.17-14 15.06 65.24 80.30 OK
r-patched-solaris-x86 1.0.17-14 128.00 OK
r-release-linux-x86_64 1.0.17-14 12.18 67.38 79.56 OK
r-release-macos-x86_64 1.0.17-14 NOTE
r-release-windows-ix86+x86_64 1.0.17-14 26.00 110.00 136.00 NOTE
r-oldrel-macos-x86_64 1.0.17-14 OK
r-oldrel-windows-ix86+x86_64 1.0.17-14 31.00 128.00 159.00 NOTE

Check Details

Version: 1.0.17-14
Check: installed package size
Result: NOTE
     installed size is 5.9Mb
     sub-directories of 1Mb or more:
     libs 5.0Mb
Flavors: r-devel-windows-ix86+x86_64, r-release-macos-x86_64, r-release-windows-ix86+x86_64, r-oldrel-windows-ix86+x86_64