CRAN Package Check Results for Package refund.shiny

Last updated on 2022-05-26 21:50:15 CEST.

Flavor Version Tinstall Tcheck Ttotal Status Flags
r-devel-linux-x86_64-debian-clang 0.4.1 19.65 172.18 191.83 OK
r-devel-linux-x86_64-debian-gcc 0.4.1 18.42 145.84 164.26 OK
r-devel-linux-x86_64-fedora-clang 0.4.1 226.23 NOTE
r-devel-linux-x86_64-fedora-gcc 0.4.1 209.47 NOTE
r-devel-windows-x86_64 0.4.1 54.00 178.00 232.00 OK
r-patched-linux-x86_64 0.4.1 22.68 162.55 185.23 OK
r-release-linux-x86_64 0.4.1 20.40 159.34 179.74 OK
r-release-macos-arm64 0.4.1 58.00 NOTE
r-release-macos-x86_64 0.4.1 92.00 NOTE
r-release-windows-x86_64 0.4.1 61.00 174.00 235.00 OK
r-oldrel-macos-arm64 0.4.1 87.00 NOTE
r-oldrel-macos-x86_64 0.4.1 79.00 NOTE
r-oldrel-windows-ix86+x86_64 0.4.1 41.00 168.00 209.00 OK

Check Details

Version: 0.4.1
Check: dependencies in R code
Result: NOTE
    Namespace in Imports field not imported from: ‘registr’
     All declared Imports should be used.
Flavors: r-devel-linux-x86_64-fedora-clang, r-devel-linux-x86_64-fedora-gcc, r-release-macos-arm64, r-release-macos-x86_64, r-oldrel-macos-arm64, r-oldrel-macos-x86_64