CRAN Package Check Results for Package regexPipes

Last updated on 2024-03-04 17:51:03 CET.

Flavor Version Tinstall Tcheck Ttotal Status Flags
r-devel-linux-x86_64-debian-clang 0.0.1 1.46 20.53 21.99 NOTE
r-devel-linux-x86_64-debian-gcc 0.0.1 1.51 15.54 17.05 NOTE
r-devel-linux-x86_64-fedora-clang 0.0.1 27.33 NOTE
r-devel-linux-x86_64-fedora-gcc 0.0.1 25.99 NOTE
r-devel-windows-x86_64 0.0.1 2.00 38.00 40.00 NOTE
r-patched-linux-x86_64 0.0.1 2.18 19.68 21.86 NOTE
r-release-linux-x86_64 0.0.1 1.72 19.66 21.38 NOTE
r-release-macos-arm64 0.0.1 15.00 NOTE
r-release-macos-x86_64 0.0.1 20.00 NOTE
r-release-windows-x86_64 0.0.1 2.00 38.00 40.00 NOTE
r-oldrel-macos-arm64 0.0.1 15.00 NOTE
r-oldrel-windows-x86_64 0.0.1 3.00 40.00 43.00 NOTE

Check Details

Version: 0.0.1
Check: LazyData
Result: NOTE 'LazyData' is specified without a 'data' directory Flavors: r-devel-linux-x86_64-debian-clang, r-devel-linux-x86_64-debian-gcc, r-devel-linux-x86_64-fedora-clang, r-devel-linux-x86_64-fedora-gcc, r-devel-windows-x86_64, r-patched-linux-x86_64, r-release-linux-x86_64, r-release-macos-arm64, r-release-macos-x86_64, r-release-windows-x86_64, r-oldrel-macos-arm64, r-oldrel-windows-x86_64