CRAN Package Check Results for Package rego

Last updated on 2022-12-07 10:50:08 CET.

Flavor Version Tinstall Tcheck Ttotal Status Flags
r-devel-linux-x86_64-debian-clang 1.5.2 47.78 31.96 79.74 OK
r-devel-linux-x86_64-debian-gcc 1.5.2 38.64 24.49 63.13 OK
r-devel-linux-x86_64-fedora-clang 1.5.2 113.11 NOTE
r-devel-linux-x86_64-fedora-gcc 1.5.2 112.22 OK
r-devel-windows-x86_64 1.5.2 741.00 98.00 839.00 NOTE
r-patched-linux-x86_64 1.5.2 37.38 30.40 67.78 OK
r-release-linux-x86_64 1.5.2 37.31 30.21 67.52 OK
r-release-macos-arm64 1.5.2 50.00 NOTE
r-release-macos-x86_64 1.5.2 45.00 NOTE
r-release-windows-x86_64 1.5.2 827.00 117.00 944.00 NOTE
r-oldrel-macos-arm64 1.5.2 38.00 NOTE
r-oldrel-macos-x86_64 1.5.2 52.00 NOTE
r-oldrel-windows-ix86+x86_64 1.5.2 101.00 82.00 183.00 NOTE

Check Details

Version: 1.5.2
Check: installed package size
Result: NOTE
     installed size is 7.2Mb
     sub-directories of 1Mb or more:
     include 6.4Mb
Flavors: r-devel-linux-x86_64-fedora-clang, r-devel-windows-x86_64, r-release-macos-arm64, r-release-macos-x86_64, r-release-windows-x86_64, r-oldrel-macos-arm64, r-oldrel-macos-x86_64, r-oldrel-windows-ix86+x86_64