Last updated on 2022-06-26 12:54:56 CEST.
Flavor | Version | Tinstall | Tcheck | Ttotal | Status | Flags |
---|---|---|---|---|---|---|
r-devel-linux-x86_64-debian-clang | 1.8.0 | 86.51 | 94.60 | 181.11 | NOTE | |
r-devel-linux-x86_64-debian-gcc | 1.8.0 | 67.38 | 71.17 | 138.55 | NOTE | |
r-devel-linux-x86_64-fedora-clang | 1.8.0 | 256.19 | NOTE | |||
r-devel-linux-x86_64-fedora-gcc | 1.8.0 | 221.44 | NOTE | |||
r-devel-windows-x86_64 | 1.8.0 | 78.00 | 132.00 | 210.00 | NOTE | |
r-patched-linux-x86_64 | 1.8.0 | 75.78 | 92.43 | 168.21 | OK | |
r-release-linux-x86_64 | 1.8.0 | 71.83 | 93.23 | 165.06 | OK | |
r-release-macos-arm64 | 1.8.0 | 61.00 | OK | |||
r-release-macos-x86_64 | 1.8.0 | 80.00 | OK | |||
r-release-windows-x86_64 | 1.8.0 | 74.00 | 143.00 | 217.00 | OK | |
r-oldrel-macos-arm64 | 1.8.0 | 67.00 | OK | |||
r-oldrel-macos-x86_64 | 1.8.0 | 85.00 | OK | |||
r-oldrel-windows-ix86+x86_64 | 1.8.0 | 211.00 | 145.00 | 356.00 | OK |
Version: 1.8.0
Check: Rd files
Result: NOTE
checkRd: (-1) rcpp_grad_ram.Rd:5: Escaped LaTeX specials: \&
checkRd: (-1) rcpp_grad_ram.Rd:48: Escaped LaTeX specials: \&
Flavors: r-devel-linux-x86_64-debian-clang, r-devel-linux-x86_64-debian-gcc, r-devel-linux-x86_64-fedora-clang, r-devel-linux-x86_64-fedora-gcc, r-devel-windows-x86_64