CRAN Package Check Results for Package reinsureR

Last updated on 2022-08-10 04:54:10 CEST.

Flavor Version Tinstall Tcheck Ttotal Status Flags
r-devel-linux-x86_64-debian-clang 0.1.0 10.10 65.85 75.95 NOTE
r-devel-linux-x86_64-debian-gcc 0.1.0 7.71 49.12 56.83 NOTE
r-devel-linux-x86_64-fedora-clang 0.1.0 102.76 NOTE
r-devel-linux-x86_64-fedora-gcc 0.1.0 96.60 NOTE
r-devel-windows-x86_64 0.1.0 28.00 94.00 122.00 NOTE
r-patched-linux-x86_64 0.1.0 6.03 60.61 66.64 NOTE
r-release-linux-x86_64 0.1.0 NOTE
r-release-macos-arm64 0.1.0 30.00 NOTE
r-release-macos-x86_64 0.1.0 48.00 NOTE
r-release-windows-x86_64 0.1.0 30.00 89.00 119.00 NOTE
r-oldrel-macos-arm64 0.1.0 28.00 NOTE
r-oldrel-macos-x86_64 0.1.0 39.00 NOTE
r-oldrel-windows-ix86+x86_64 0.1.0 23.00 87.00 110.00 NOTE

Check Details

Version: 0.1.0
Check: LazyData
Result: NOTE
     'LazyData' is specified without a 'data' directory
Flavors: r-devel-linux-x86_64-debian-clang, r-devel-linux-x86_64-debian-gcc, r-devel-linux-x86_64-fedora-clang, r-devel-linux-x86_64-fedora-gcc, r-devel-windows-x86_64, r-patched-linux-x86_64, r-release-linux-x86_64, r-release-macos-arm64, r-release-macos-x86_64, r-release-windows-x86_64, r-oldrel-macos-arm64, r-oldrel-macos-x86_64, r-oldrel-windows-ix86+x86_64