CRAN Package Check Results for Package relMix

Last updated on 2019-11-16 00:51:16 CET.

Flavor Version Tinstall Tcheck Ttotal Status Flags
r-devel-linux-x86_64-debian-clang 1.3 3.32 31.19 34.51 OK
r-devel-linux-x86_64-debian-gcc 1.3 2.54 24.43 26.97 OK
r-devel-linux-x86_64-fedora-clang 1.3 42.02 NOTE
r-devel-linux-x86_64-fedora-gcc 1.3 41.21 NOTE
r-devel-windows-ix86+x86_64 1.3 15.00 44.00 59.00 OK
r-patched-linux-x86_64 1.3 3.36 29.63 32.99 OK
r-patched-solaris-x86 1.3 59.60 NOTE
r-release-linux-x86_64 1.3 3.18 29.91 33.09 OK
r-release-windows-ix86+x86_64 1.3 7.00 55.00 62.00 OK
r-release-osx-x86_64 1.3 FAIL
r-oldrel-windows-ix86+x86_64 1.3 5.00 59.00 64.00 OK
r-oldrel-osx-x86_64 1.3 NOTE

Check Details

Version: 1.3
Check: dependencies in R code
Result: NOTE
    Namespace in Imports field not imported from: ‘gWidgetstcltk’
     All declared Imports should be used.
Flavors: r-devel-linux-x86_64-fedora-clang, r-devel-linux-x86_64-fedora-gcc, r-patched-solaris-x86, r-oldrel-osx-x86_64

Version: 1.3
Check: dependencies in R code
Result: FAIL
    
Flavor: r-release-osx-x86_64