CRAN Package Check Results for Package relMix

Last updated on 2020-05-29 16:50:33 CEST.

Flavor Version Tinstall Tcheck Ttotal Status Flags
r-devel-linux-x86_64-debian-clang 1.3.1 3.51 31.85 35.36 OK
r-devel-linux-x86_64-debian-gcc 1.3.1 2.78 25.08 27.86 OK
r-devel-linux-x86_64-fedora-clang 1.3.1 45.40 NOTE
r-devel-linux-x86_64-fedora-gcc 1.3.1 44.41 NOTE
r-devel-windows-ix86+x86_64 1.3.1 11.00 74.00 85.00 OK
r-patched-linux-x86_64 1.3.1 4.19 32.25 36.44 OK
r-patched-solaris-x86 1.3.1 62.50 NOTE
r-release-linux-x86_64 1.3.1 3.36 32.43 35.79 OK
r-release-osx-x86_64 1.3.1 NOTE
r-release-windows-ix86+x86_64 1.3.1 8.00 121.00 129.00 OK
r-oldrel-osx-x86_64 1.3.1 NOTE
r-oldrel-windows-ix86+x86_64 1.3.1 9.00 60.00 69.00 OK

Check Details

Version: 1.3.1
Check: dependencies in R code
Result: NOTE
    Namespace in Imports field not imported from: ‘gWidgets2tcltk’
     All declared Imports should be used.
Flavors: r-devel-linux-x86_64-fedora-clang, r-devel-linux-x86_64-fedora-gcc, r-patched-solaris-x86, r-release-osx-x86_64

Version: 1.3.1
Check: dependencies in R code
Result: NOTE
    No protocol specified
    No protocol specified
    No protocol specified
    No protocol specified
    Namespace in Imports field not imported from: ‘gWidgets2tcltk’
     All declared Imports should be used.
Flavor: r-oldrel-osx-x86_64