CRAN Package Check Results for Package relations

Last updated on 2019-05-25 11:52:22 CEST.

Flavor Version Tinstall Tcheck Ttotal Status Flags
r-devel-linux-x86_64-debian-clang 0.6-8 9.58 70.42 80.00 OK
r-devel-linux-x86_64-debian-gcc 0.6-8 8.64 54.51 63.15 OK
r-devel-linux-x86_64-fedora-clang 0.6-8 98.62 NOTE
r-devel-linux-x86_64-fedora-gcc 0.6-8 93.92 NOTE
r-devel-windows-ix86+x86_64 0.6-8 17.00 113.00 130.00 NOTE
r-patched-linux-x86_64 0.6-8 OK
r-patched-solaris-x86 0.6-8 130.00 NOTE
r-release-linux-x86_64 0.6-8 11.55 70.50 82.05 OK
r-release-windows-ix86+x86_64 0.6-8 18.00 93.00 111.00 NOTE
r-release-osx-x86_64 0.6-8 NOTE
r-oldrel-windows-ix86+x86_64 0.6-8 21.00 88.00 109.00 NOTE
r-oldrel-osx-x86_64 0.6-8 NOTE

Check Details

Version: 0.6-8
Check: package dependencies
Result: NOTE
    Package which this enhances but not available for checking: ‘Rcplex’
Flavors: r-devel-linux-x86_64-fedora-clang, r-devel-linux-x86_64-fedora-gcc, r-devel-windows-ix86+x86_64, r-release-windows-ix86+x86_64, r-oldrel-windows-ix86+x86_64

Version: 0.6-8
Check: package dependencies
Result: NOTE
    Package suggested but not available for checking: ‘Rsymphony’
    
    Package which this enhances but not available for checking: ‘Rcplex’
Flavors: r-patched-solaris-x86, r-oldrel-osx-x86_64

Version: 0.6-8
Check: package dependencies
Result: NOTE
    Packages suggested but not available for checking: 'Rgraphviz', 'Rsymphony'
    
    Package which this enhances but not available for checking: ‘Rcplex’
Flavor: r-release-osx-x86_64

Version: 0.6-8
Check: Rd cross-references
Result: NOTE
    Package unavailable to check Rd xrefs: ‘graph’
Flavor: r-release-osx-x86_64

Version: 0.6-8
Check: re-building of vignette outputs
Result: NOTE
    Error(s) in re-building vignettes:
    --- re-building ‘relations.Rnw’ using Sweave
    Loading required package: Rgraphviz
    Warning in library(package, lib.loc = lib.loc, character.only = TRUE, logical.return = TRUE, :
     there is no package called ‘Rgraphviz’
    Loading required package: Rgraphviz
    Warning in library(package, lib.loc = lib.loc, character.only = TRUE, logical.return = TRUE, :
     there is no package called ‘Rgraphviz’
    Loading required package: Rgraphviz
    Warning in library(package, lib.loc = lib.loc, character.only = TRUE, logical.return = TRUE, :
     there is no package called ‘Rgraphviz’
    Loading required package: Rgraphviz
    Warning in library(package, lib.loc = lib.loc, character.only = TRUE, logical.return = TRUE, :
     there is no package called ‘Rgraphviz’
    Error: processing vignette 'relations.Rnw' failed with diagnostics:
    Running 'texi2dvi' on 'relations.tex' failed.
    LaTeX errors:
    !pdfTeX error: pdflatex (file ./relations-plotfig.pdf): PDF inclusion: required
     page does not exist <0>
     ==> Fatal error occurred, no output PDF file produced!
    --- failed re-building ‘relations.Rnw’
    
    SUMMARY: processing the following file failed:
     ‘relations.Rnw’
    
    Error: Vignette re-building failed.
    Execution halted
Flavor: r-release-osx-x86_64