CRAN Package Check Results for Package relations

Last updated on 2019-03-26 03:48:39 CET.

Flavor Version Tinstall Tcheck Ttotal Status Flags
r-devel-linux-x86_64-debian-clang 0.6-8 10.03 71.22 81.25 OK
r-devel-linux-x86_64-debian-gcc 0.6-8 8.55 56.22 64.77 OK
r-devel-linux-x86_64-fedora-clang 0.6-8 97.83 NOTE
r-devel-linux-x86_64-fedora-gcc 0.6-8 94.16 NOTE
r-devel-windows-ix86+x86_64 0.6-8 18.00 112.00 130.00 NOTE
r-patched-linux-x86_64 0.6-8 6.96 68.75 75.71 OK
r-patched-solaris-x86 0.6-8 126.90 NOTE
r-release-linux-x86_64 0.6-8 8.80 69.10 77.90 OK
r-release-windows-ix86+x86_64 0.6-8 16.00 91.00 107.00 NOTE
r-release-osx-x86_64 0.6-8 NOTE
r-oldrel-windows-ix86+x86_64 0.6-8 4.00 120.00 124.00 NOTE
r-oldrel-osx-x86_64 0.6-8 NOTE

Check Details

Version: 0.6-8
Check: package dependencies
Result: NOTE
    Package which this enhances but not available for checking: ‘Rcplex’
Flavors: r-devel-linux-x86_64-fedora-clang, r-devel-linux-x86_64-fedora-gcc, r-devel-windows-ix86+x86_64, r-release-windows-ix86+x86_64, r-oldrel-windows-ix86+x86_64

Version: 0.6-8
Check: package dependencies
Result: NOTE
    Package suggested but not available for checking: ‘Rsymphony’
    
    Package which this enhances but not available for checking: ‘Rcplex’
Flavors: r-patched-solaris-x86, r-release-osx-x86_64, r-oldrel-osx-x86_64