Last updated on 2021-02-25 10:47:45 CET.
Flavor | Version | Tinstall | Tcheck | Ttotal | Status | Flags |
---|---|---|---|---|---|---|
r-devel-linux-x86_64-debian-clang | 1.0-5 | 3.22 | 31.79 | 35.01 | OK | |
r-devel-linux-x86_64-debian-gcc | 1.0-5 | 2.35 | 24.90 | 27.25 | OK | |
r-devel-linux-x86_64-fedora-clang | 1.0-5 | 55.24 | OK | |||
r-devel-linux-x86_64-fedora-gcc | 1.0-5 | 40.80 | OK | |||
r-devel-windows-ix86+x86_64 | 1.0-5 | 5.00 | 33.00 | 38.00 | OK | |
r-patched-linux-x86_64 | 1.0-5 | 2.87 | 30.71 | 33.58 | OK | |
r-patched-solaris-x86 | 1.0-5 | 61.90 | OK | |||
r-release-linux-x86_64 | 1.0-5 | 3.12 | 30.95 | 34.07 | OK | |
r-release-macos-x86_64 | 1.0-5 | OK | ||||
r-release-windows-ix86+x86_64 | 1.0-5 | 5.00 | 14.00 | 19.00 | ERROR | |
r-oldrel-macos-x86_64 | 1.0-5 | OK | ||||
r-oldrel-windows-ix86+x86_64 | 1.0-5 | 4.00 | 54.00 | 58.00 | OK |
Version: 1.0-5
Check: whether package can be installed
Result: ERROR
Installation failed.
Flavor: r-release-windows-ix86+x86_64