CRAN Package Check Results for Package relliptical

Last updated on 2024-02-28 16:50:45 CET.

Flavor Version Tinstall Tcheck Ttotal Status Flags
r-devel-linux-x86_64-debian-clang 1.3.0 62.84 72.17 135.01 OK
r-devel-linux-x86_64-debian-gcc 1.3.0 49.89 52.92 102.81 OK
r-devel-linux-x86_64-fedora-clang 1.3.0 168.99 OK
r-devel-linux-x86_64-fedora-gcc 1.3.0 188.18 OK
r-devel-windows-x86_64 1.3.0 46.00 94.00 140.00 OK
r-patched-linux-x86_64 1.3.0 56.60 67.51 124.11 OK
r-release-linux-x86_64 1.3.0 62.60 66.17 128.77 OK
r-release-macos-arm64 1.3.0 55.00 NOTE
r-release-macos-x86_64 1.3.0 122.00 NOTE
r-release-windows-x86_64 1.3.0 62.00 105.00 167.00 OK
r-oldrel-macos-arm64 1.3.0 54.00 NOTE
r-oldrel-windows-x86_64 1.3.0 57.00 107.00 164.00 OK

Check Details

Version: 1.3.0
Check: installed package size
Result: NOTE installed size is 6.2Mb sub-directories of 1Mb or more: libs 6.0Mb Flavors: r-release-macos-arm64, r-release-macos-x86_64, r-oldrel-macos-arm64