CRAN Package Check Results for Package rematch

Last updated on 2022-12-04 18:53:57 CET.

Flavor Version Tinstall Tcheck Ttotal Status Flags
r-devel-linux-x86_64-debian-clang 1.0.1 1.61 22.32 23.93 NOTE
r-devel-linux-x86_64-debian-gcc 1.0.1 1.25 17.60 18.85 NOTE
r-devel-linux-x86_64-fedora-clang 1.0.1 40.92 NOTE
r-devel-linux-x86_64-fedora-gcc 1.0.1 38.28 NOTE
r-devel-windows-x86_64 1.0.1 6.00 49.00 55.00 NOTE
r-patched-linux-x86_64 1.0.1 1.83 21.73 23.56 NOTE
r-release-linux-x86_64 1.0.1 1.57 21.47 23.04 NOTE
r-release-macos-arm64 1.0.1 14.00 NOTE
r-release-macos-x86_64 1.0.1 21.00 NOTE
r-release-windows-x86_64 1.0.1 9.00 51.00 60.00 NOTE
r-oldrel-macos-arm64 1.0.1 19.00 NOTE
r-oldrel-macos-x86_64 1.0.1 27.00 NOTE
r-oldrel-windows-ix86+x86_64 1.0.1 5.00 46.00 51.00 NOTE

Check Details

Version: 1.0.1
Check: LazyData
Result: NOTE
     'LazyData' is specified without a 'data' directory
Flavors: r-devel-linux-x86_64-debian-clang, r-devel-linux-x86_64-debian-gcc, r-devel-linux-x86_64-fedora-clang, r-devel-linux-x86_64-fedora-gcc, r-devel-windows-x86_64, r-patched-linux-x86_64, r-release-linux-x86_64, r-release-macos-arm64, r-release-macos-x86_64, r-release-windows-x86_64, r-oldrel-macos-arm64, r-oldrel-macos-x86_64, r-oldrel-windows-ix86+x86_64