CRAN Package Check Results for Package rentrez

Last updated on 2018-10-24 05:49:59 CEST.

Flavor Version Tinstall Tcheck Ttotal Status Flags
r-devel-linux-x86_64-debian-clang 1.2.1 2.35 41.81 44.16 OK
r-devel-linux-x86_64-debian-gcc 1.2.1 1.66 32.53 34.19 OK
r-devel-linux-x86_64-fedora-clang 1.2.1 44.79 WARN
r-devel-linux-x86_64-fedora-gcc 1.2.1 42.87 WARN
r-devel-windows-ix86+x86_64 1.2.1 6.00 65.00 71.00 OK --no-vignettes
r-patched-linux-x86_64 1.2.1 2.30 37.41 39.71 OK
r-patched-solaris-x86 1.2.1 60.10 WARN
r-release-linux-x86_64 1.2.1 2.01 36.83 38.84 OK
r-release-windows-ix86+x86_64 1.2.1 6.00 42.00 48.00 OK --no-vignettes
r-release-osx-x86_64 1.2.1 OK
r-oldrel-windows-ix86+x86_64 1.2.1 3.00 72.00 75.00 OK --no-vignettes
r-oldrel-osx-x86_64 1.2.1 OK

Check Details

Version: 1.2.1
Check: re-building of vignette outputs
Result: WARN
    Error in re-building vignettes:
     ...
    Quitting from lines 296-299 (rentrez_tutorial.Rmd)
    Error: processing vignette 'rentrez_tutorial.Rmd' failed with diagnostics:
    Error in the HTTP2 framing layer
    Execution halted
Flavors: r-devel-linux-x86_64-fedora-clang, r-devel-linux-x86_64-fedora-gcc

Version: 1.2.1
Check: re-building of vignette outputs
Result: WARN
    Error in re-building vignettes:
     ...
    Warning in engine$weave(file, quiet = quiet, encoding = enc) :
     Pandoc (>= 1.12.3) and/or pandoc-citeproc not available. Falling back to R Markdown v1.
    Quitting from lines 296-299 (rentrez_tutorial.Rmd)
    Error: processing vignette 'rentrez_tutorial.Rmd' failed with diagnostics:
    Error in the HTTP2 framing layer
    Execution halted
Flavor: r-patched-solaris-x86