CRAN Package Check Results for Package repello

Last updated on 2024-02-28 10:14:12 CET.

Flavor Version Tinstall Tcheck Ttotal Status Flags
r-devel-linux-x86_64-debian-clang 1.0.1 5.60 44.76 50.36 NOTE
r-devel-linux-x86_64-debian-gcc 1.0.1 4.26 34.12 38.38 NOTE
r-devel-linux-x86_64-fedora-clang 1.0.1 61.39 NOTE
r-devel-linux-x86_64-fedora-gcc 1.0.1 72.09 NOTE
r-devel-windows-x86_64 1.0.1 6.00 55.00 61.00 NOTE
r-patched-linux-x86_64 1.0.1 6.11 43.21 49.32 NOTE
r-release-linux-x86_64 1.0.1 4.97 44.57 49.54 NOTE
r-release-macos-arm64 1.0.1 31.00 NOTE
r-release-macos-x86_64 1.0.1 41.00 NOTE
r-release-windows-x86_64 1.0.1 7.00 57.00 64.00 NOTE
r-oldrel-macos-arm64 1.0.1 25.00 NOTE
r-oldrel-windows-x86_64 1.0.1 8.00 59.00 67.00 NOTE

Check Details

Version: 1.0.1
Check: LazyData
Result: NOTE 'LazyData' is specified without a 'data' directory Flavors: r-devel-linux-x86_64-debian-clang, r-devel-linux-x86_64-debian-gcc, r-devel-linux-x86_64-fedora-clang, r-devel-linux-x86_64-fedora-gcc, r-devel-windows-x86_64, r-patched-linux-x86_64, r-release-linux-x86_64, r-release-macos-arm64, r-release-macos-x86_64, r-release-windows-x86_64, r-oldrel-macos-arm64, r-oldrel-windows-x86_64