CRAN Package Check Results for Package replyr

Last updated on 2018-02-25 02:47:53 CET.

Flavor Version Tinstall Tcheck Ttotal Status Flags
r-devel-linux-x86_64-debian-clang 0.9.1 4.42 69.56 73.98 OK
r-devel-linux-x86_64-debian-gcc 0.9.1 4.59 54.92 59.51 OK
r-devel-linux-x86_64-fedora-clang 0.9.1 87.49 OK
r-devel-linux-x86_64-fedora-gcc 0.9.1 83.23 OK
r-devel-windows-ix86+x86_64 0.9.1 12.00 112.00 124.00 OK
r-patched-linux-x86_64 0.9.1 3.79 82.77 86.56 OK
r-patched-solaris-x86 0.9.1 135.20 NOTE
r-release-linux-x86_64 0.9.1 5.16 81.63 86.79 OK
r-release-windows-ix86+x86_64 0.9.1 14.00 127.00 141.00 OK
r-release-osx-x86_64 0.9.1 OK
r-oldrel-windows-ix86+x86_64 0.9.1 10.00 84.00 94.00 OK
r-oldrel-osx-x86_64 0.9.0 NOTE

Check Details

Version: 0.9.1
Check: package dependencies
Result: NOTE
    Package suggested but not available for checking: ‘magick’
Flavor: r-patched-solaris-x86

Version: 0.9.0
Check: dependencies in R code
Result: NOTE
    Namespaces in Imports field not imported from:
     ‘RSQLite’ ‘dbplyr’
     All declared Imports should be used.
Flavor: r-oldrel-osx-x86_64