CRAN Package Check Results for Package repmis

Last updated on 2020-05-29 17:49:15 CEST.

Flavor Version Tinstall Tcheck Ttotal Status Flags
r-devel-linux-x86_64-debian-clang 0.5 4.05 34.91 38.96 NOTE
r-devel-linux-x86_64-debian-gcc 0.5 3.28 27.19 30.47 NOTE
r-devel-linux-x86_64-fedora-clang 0.5 47.40 NOTE
r-devel-linux-x86_64-fedora-gcc 0.5 52.98 NOTE
r-devel-windows-ix86+x86_64 0.5 12.00 110.00 122.00 OK
r-patched-linux-x86_64 0.5 3.74 34.11 37.85 NOTE
r-patched-solaris-x86 0.5 69.80 NOTE
r-release-linux-x86_64 0.5 3.77 34.03 37.80 NOTE
r-release-osx-x86_64 0.5 OK
r-release-windows-ix86+x86_64 0.5 8.00 69.00 77.00 OK
r-oldrel-osx-x86_64 0.5 OK
r-oldrel-windows-ix86+x86_64 0.5 7.00 46.00 53.00 OK

Check Details

Version: 0.5
Check: for non-standard things in the check directory
Result: NOTE
    Found the following files/directories:
     'PackageCites.bib'
Flavors: r-devel-linux-x86_64-debian-clang, r-devel-linux-x86_64-debian-gcc, r-devel-linux-x86_64-fedora-clang, r-devel-linux-x86_64-fedora-gcc, r-patched-linux-x86_64, r-patched-solaris-x86, r-release-linux-x86_64