CRAN Package Check Results for Package repmis

Last updated on 2019-10-20 14:47:05 CEST.

Flavor Version Tinstall Tcheck Ttotal Status Flags
r-devel-linux-x86_64-debian-clang 0.5 3.44 38.04 41.48 NOTE
r-devel-linux-x86_64-debian-gcc 0.5 3.08 29.65 32.73 NOTE
r-devel-linux-x86_64-fedora-clang 0.5 49.46 NOTE
r-devel-linux-x86_64-fedora-gcc 0.5 51.17 NOTE
r-devel-windows-ix86+x86_64 0.5 8.00 61.00 69.00 OK
r-patched-linux-x86_64 0.5 3.36 37.14 40.50 OK
r-patched-solaris-x86 0.5 62.10 OK
r-release-linux-x86_64 0.5 3.15 37.37 40.52 OK
r-release-windows-ix86+x86_64 0.5 10.00 43.00 53.00 OK
r-release-osx-x86_64 0.5 OK
r-oldrel-windows-ix86+x86_64 0.5 28.00 42.00 70.00 OK
r-oldrel-osx-x86_64 0.5 OK

Check Details

Version: 0.5
Check: for non-standard things in the check directory
Result: NOTE
    Found the following files/directories:
     'PackageCites.bib'
Flavors: r-devel-linux-x86_64-debian-clang, r-devel-linux-x86_64-debian-gcc, r-devel-linux-x86_64-fedora-clang, r-devel-linux-x86_64-fedora-gcc