Last updated on 2021-03-09 06:51:06 CET.
Flavor | Version | Tinstall | Tcheck | Ttotal | Status | Flags |
---|---|---|---|---|---|---|
r-devel-linux-x86_64-debian-clang | 0.5 | 4.20 | 37.34 | 41.54 | NOTE | |
r-devel-linux-x86_64-debian-gcc | 0.5 | 3.17 | 28.31 | 31.48 | NOTE | |
r-devel-linux-x86_64-fedora-clang | 0.5 | 58.49 | NOTE | |||
r-devel-linux-x86_64-fedora-gcc | 0.5 | 57.59 | NOTE | |||
r-devel-windows-ix86+x86_64 | 0.5 | 9.00 | 48.00 | 57.00 | OK | |
r-devel-windows-x86_64-gcc10-UCRT | 0.5 | OK | ||||
r-patched-linux-x86_64 | 0.5 | 3.89 | 35.74 | 39.63 | NOTE | |
r-patched-solaris-x86 | 0.5 | 68.20 | NOTE | |||
r-release-linux-x86_64 | 0.5 | 4.08 | 35.23 | 39.31 | NOTE | |
r-release-macos-x86_64 | 0.5 | OK | ||||
r-release-windows-ix86+x86_64 | 0.5 | 8.00 | 56.00 | 64.00 | OK | |
r-oldrel-macos-x86_64 | 0.5 | OK | ||||
r-oldrel-windows-ix86+x86_64 | 0.5 | 6.00 | 42.00 | 48.00 | OK |
Version: 0.5
Check: for non-standard things in the check directory
Result: NOTE
Found the following files/directories:
'PackageCites.bib'
Flavors: r-devel-linux-x86_64-debian-clang, r-devel-linux-x86_64-debian-gcc, r-devel-linux-x86_64-fedora-clang, r-devel-linux-x86_64-fedora-gcc, r-patched-linux-x86_64, r-patched-solaris-x86, r-release-linux-x86_64