CRAN Package Check Results for Package reportReg

Last updated on 2024-06-25 05:55:55 CEST.

Flavor Version Tinstall Tcheck Ttotal Status Flags
r-devel-linux-x86_64-debian-clang 0.3.0 2.45 22.66 25.11 NOTE
r-devel-linux-x86_64-debian-gcc 0.3.0 2.00 17.99 19.99 NOTE
r-devel-linux-x86_64-fedora-clang 0.3.0 32.08 NOTE
r-devel-linux-x86_64-fedora-gcc 0.3.0 30.72 NOTE
r-devel-windows-x86_64 0.3.0 3.00 39.00 42.00 NOTE
r-patched-linux-x86_64 0.3.0 1.74 21.95 23.69 NOTE
r-release-linux-x86_64 0.3.0 2.55 22.17 24.72 NOTE
r-release-macos-arm64 0.3.0 15.00 NOTE
r-release-macos-x86_64 0.3.0 21.00 NOTE
r-release-windows-x86_64 0.3.0 3.00 39.00 42.00 NOTE
r-oldrel-macos-arm64 0.3.0 16.00 NOTE
r-oldrel-macos-x86_64 0.3.0 19.00 NOTE
r-oldrel-windows-x86_64 0.3.0 4.00 40.00 44.00 NOTE

Check Details

Version: 0.3.0
Check: LazyData
Result: NOTE 'LazyData' is specified without a 'data' directory Flavors: r-devel-linux-x86_64-debian-clang, r-devel-linux-x86_64-debian-gcc, r-devel-linux-x86_64-fedora-clang, r-devel-linux-x86_64-fedora-gcc, r-devel-windows-x86_64, r-patched-linux-x86_64, r-release-linux-x86_64, r-release-macos-arm64, r-release-macos-x86_64, r-release-windows-x86_64, r-oldrel-macos-arm64, r-oldrel-macos-x86_64, r-oldrel-windows-x86_64