CRAN Package Check Results for Package reportReg

Last updated on 2023-12-08 12:52:28 CET.

Flavor Version Tinstall Tcheck Ttotal Status Flags
r-devel-linux-x86_64-debian-clang 0.3.0 2.53 22.73 25.26 NOTE
r-devel-linux-x86_64-debian-gcc 0.3.0 1.85 17.43 19.28 NOTE
r-devel-linux-x86_64-fedora-clang 0.3.0 31.48 NOTE
r-devel-linux-x86_64-fedora-gcc 0.3.0 29.76 NOTE
r-devel-windows-x86_64 0.3.0 3.00 40.00 43.00 NOTE
r-patched-linux-x86_64 0.3.0 1.87 22.42 24.29 NOTE
r-release-linux-x86_64 0.3.0 2.53 22.09 24.62 NOTE
r-release-macos-arm64 0.3.0 16.00 NOTE
r-release-macos-x86_64 0.3.0 19.00 NOTE
r-release-windows-x86_64 0.3.0 4.00 37.00 41.00 NOTE
r-oldrel-macos-arm64 0.3.0 15.00 NOTE
r-oldrel-macos-x86_64 0.3.0 20.00 NOTE
r-oldrel-windows-x86_64 0.3.0 4.00 43.00 47.00 NOTE

Check Details

Version: 0.3.0
Check: LazyData
Result: NOTE 'LazyData' is specified without a 'data' directory Flavors: r-devel-linux-x86_64-debian-clang, r-devel-linux-x86_64-debian-gcc, r-devel-linux-x86_64-fedora-clang, r-devel-linux-x86_64-fedora-gcc, r-devel-windows-x86_64, r-patched-linux-x86_64, r-release-linux-x86_64, r-release-macos-arm64, r-release-macos-x86_64, r-release-windows-x86_64, r-oldrel-macos-arm64, r-oldrel-macos-x86_64, r-oldrel-windows-x86_64