CRAN Package Check Results for Package repr

Last updated on 2022-10-07 09:51:55 CEST.

Flavor Version Tinstall Tcheck Ttotal Status Flags
r-devel-linux-x86_64-debian-clang 1.1.4 4.83 52.53 57.36 NOTE
r-devel-linux-x86_64-debian-gcc 1.1.4 3.80 39.17 42.97 NOTE
r-devel-linux-x86_64-fedora-clang 1.1.4 88.66 NOTE
r-devel-linux-x86_64-fedora-gcc 1.1.4 136.06 NOTE
r-devel-windows-x86_64 1.1.4 23.00 82.00 105.00 NOTE
r-patched-linux-x86_64 1.1.4 6.29 49.69 55.98 OK
r-release-linux-x86_64 1.1.4 5.97 48.55 54.52 OK
r-release-macos-arm64 1.1.4 58.00 OK
r-release-macos-x86_64 1.1.4 123.00 OK
r-release-windows-x86_64 1.1.4 31.00 81.00 112.00 OK
r-oldrel-macos-arm64 1.1.4 60.00 OK
r-oldrel-macos-x86_64 1.1.4 133.00 OK
r-oldrel-windows-ix86+x86_64 1.1.4 11.00 77.00 88.00 OK

Check Details

Version: 1.1.4
Check: package subdirectories
Result: NOTE
    Problems with news in 'NEWS.md':
    No news entries found.
Flavors: r-devel-linux-x86_64-debian-clang, r-devel-linux-x86_64-debian-gcc, r-devel-linux-x86_64-fedora-clang, r-devel-linux-x86_64-fedora-gcc, r-devel-windows-x86_64

Version: 1.1.4
Check: Rd cross-references
Result: NOTE
    Undeclared package ‘ggplot2’ in Rd xrefs
Flavor: r-devel-linux-x86_64-fedora-clang