CRAN Package Check Results for Package reprex

Last updated on 2018-05-24 04:49:51 CEST.

Flavor Version Tinstall Tcheck Ttotal Status Flags
r-devel-linux-x86_64-debian-clang 0.1.2 1.17 47.28 48.45 OK
r-devel-linux-x86_64-debian-gcc 0.1.2 0.79 43.67 44.46 OK
r-devel-linux-x86_64-fedora-clang 0.1.2 65.76 OK
r-devel-linux-x86_64-fedora-gcc 0.1.2 62.23 OK
r-devel-windows-ix86+x86_64 0.1.2 3.00 139.00 142.00 OK
r-patched-linux-x86_64 0.1.2 1.39 50.32 51.71 OK
r-patched-solaris-x86 0.1.2 80.10 ERROR
r-release-linux-x86_64 0.1.2 1.17 50.11 51.28 OK
r-release-windows-ix86+x86_64 0.1.2 4.00 109.00 113.00 OK
r-release-osx-x86_64 0.1.2 ERROR
r-oldrel-windows-ix86+x86_64 0.1.2 4.00 171.00 175.00 OK
r-oldrel-osx-x86_64 0.1.2 ERROR

Check Details

Version: 0.1.2
Check: examples
Result: ERROR
    Running examples in ‘reprex-Ex.R’ failed
    The error most likely occurred in:
    
    > ### Name: un-reprex
    > ### Title: Un-render a reprex
    > ### Aliases: un-reprex reprex_invert reprex_clean reprex_rescue
    >
    > ### ** Examples
    >
    > ## a rendered reprex can be inverted, at least approximately
    > x <- reprex({
    + #' Some text
    + #+ chunk-label-and-options-cannot-be-recovered, message = TRUE
    + (x <- 1:4)
    + #' More text
    + y <- 2:5
    + x + y
    + }, show = FALSE)
    Error in reprex_(r_file) :
    Cannot render this code.
    Error : pandoc version 1.12.3 or higher is required and was not found (see the help page ?rmarkdown::pandoc_available).
    Calls: reprex -> reprex_
    Execution halted
Flavors: r-patched-solaris-x86, r-release-osx-x86_64, r-oldrel-osx-x86_64

Version: 0.1.2
Check: tests
Result: ERROR
     Running ‘testthat.R’ [38s/44s]
    Running the tests in ‘tests/testthat.R’ failed.
    Complete output:
     > library(testthat)
     > library(reprex)
     >
     > test_check("reprex")
     ── 1. Error: can't see environment of caller (@test-env.R#5) ──────────────────
    
     Cannot render this code.
     pandoc version 1.12.3 or higher is required and was not found (see the help page ?rmarkdown::pandoc_available).
     1: reprex(z, show = FALSE) at testthat/test-env.R:5
     2: reprex_(r_file)
     3: stop("\nCannot render this code.\n", rendout)
    
     ── 2. Error: reprex doesn't write into environment of caller (@test-env.R#11) ─
    
     Cannot render this code.
     pandoc version 1.12.3 or higher is required and was not found (see the help page ?rmarkdown::pandoc_available).
     1: reprex((z <- "I touched it!"), show = FALSE) at testthat/test-env.R:11
     2: reprex_(r_file)
     3: stop("\nCannot render this code.\n", rendout)
    
     ── 3. Error: I understand exactly what I'm putting in reprex env (@test-env.R#22
    
     Cannot render this code.
     pandoc version 1.12.3 or higher is required and was not found (see the help page ?rmarkdown::pandoc_available).
     1: reprex(ls(all.names = TRUE), show = FALSE) at testthat/test-env.R:22
     2: reprex_(r_file)
     3: stop("\nCannot render this code.\n", rendout)
    
     ── 4. Error: reprex: expression input works (@test-input.R#17) ────────────────
    
     Cannot render this code.
     pandoc version 1.12.3 or higher is required and was not found (see the help page ?rmarkdown::pandoc_available).
     1: capture_messages(ret <- reprex(1:5, show = FALSE)) at testthat/test-input.R:17
     2: withCallingHandlers(code, message = function(condition) {
     out$push(condition)
     invokeRestart("muffleMessage")
     })
     3: reprex(1:5, show = FALSE)
     4: reprex_(r_file)
     5: stop("\nCannot render this code.\n", rendout)
    
     ── 5. Error: reprex: character input works (@test-input.R#23) ─────────────────
    
     Cannot render this code.
     pandoc version 1.12.3 or higher is required and was not found (see the help page ?rmarkdown::pandoc_available).
     1: capture_messages(ret <- reprex(input = "1:5\n", show = FALSE)) at testthat/test-input.R:23
     2: withCallingHandlers(code, message = function(condition) {
     out$push(condition)
     invokeRestart("muffleMessage")
     })
     3: reprex(input = "1:5\n", show = FALSE)
     4: reprex_(r_file)
     5: stop("\nCannot render this code.\n", rendout)
    
     ── 6. Error: reprex: file input works (@test-input.R#31) ──────────────────────
    
     Cannot render this code.
     pandoc version 1.12.3 or higher is required and was not found (see the help page ?rmarkdown::pandoc_available).
     1: capture_messages(ret <- reprex(input = "foo.R", show = FALSE)) at testthat/test-input.R:31
     2: withCallingHandlers(code, message = function(condition) {
     out$push(condition)
     invokeRestart("muffleMessage")
     })
     3: reprex(input = "foo.R", show = FALSE)
     4: reprex_(r_file)
     5: stop("\nCannot render this code.\n", rendout)
    
     ── 7. Error: reprex: file input in a subdirectory works (@test-input.R#40) ────
    
     Cannot render this code.
     pandoc version 1.12.3 or higher is required and was not found (see the help page ?rmarkdown::pandoc_available).
     1: capture_messages(ret <- reprex(input = file.path("foo", "foo.R"), show = FALSE)) at testthat/test-input.R:40
     2: withCallingHandlers(code, message = function(condition) {
     out$push(condition)
     invokeRestart("muffleMessage")
     })
     3: reprex(input = file.path("foo", "foo.R"), show = FALSE)
     4: reprex_(r_file)
     5: stop("\nCannot render this code.\n", rendout)
    
     ── 8. Error: Circular use is detected before render (@test-input.R#47) ────────
    
     Cannot render this code.
     pandoc version 1.12.3 or higher is required and was not found (see the help page ?rmarkdown::pandoc_available).
     1: reprex(y <- 2, venue = "gh", show = FALSE) at testthat/test-input.R:47
     2: reprex_(r_file)
     3: stop("\nCannot render this code.\n", rendout)
    
     ── 9. Error: Leading prompts are removed (@test-input.R#55) ───────────────────
    
     Cannot render this code.
     pandoc version 1.12.3 or higher is required and was not found (see the help page ?rmarkdown::pandoc_available).
     1: reprex(input = input, show = FALSE) at testthat/test-input.R:55
     2: reprex_(r_file)
     3: stop("\nCannot render this code.\n", rendout)
    
     ── 10. Error: chunk options can be overridden (@test-knitr-options.R#8) ───────
    
     Cannot render this code.
     pandoc version 1.12.3 or higher is required and was not found (see the help page ?rmarkdown::pandoc_available).
     1: reprex(input = src, opts_chunk = list(collapse = FALSE), show = FALSE) at testthat/test-knitr-options.R:8
     2: reprex_(r_file)
     3: stop("\nCannot render this code.\n", rendout)
    
     ── 11. Error: `comment` is special (@test-knitr-options.R#25) ─────────────────
    
     Cannot render this code.
     pandoc version 1.12.3 or higher is required and was not found (see the help page ?rmarkdown::pandoc_available).
     1: reprex(input = src, comment = "#?#", show = FALSE) at testthat/test-knitr-options.R:25
     2: reprex_(r_file)
     3: stop("\nCannot render this code.\n", rendout)
    
     ── 12. Error: expected outfiles are written and messaged, venue = 'gh' (@test-ou
    
     Cannot render this code.
     pandoc version 1.12.3 or higher is required and was not found (see the help page ?rmarkdown::pandoc_available).
     1: capture_messages(ret <- reprex(1:5, outfile = "foo", show = FALSE)) at testthat/test-outfiles.R:15
     2: withCallingHandlers(code, message = function(condition) {
     out$push(condition)
     invokeRestart("muffleMessage")
     })
     3: reprex(1:5, outfile = "foo", show = FALSE)
     4: reprex_(r_file)
     5: stop("\nCannot render this code.\n", rendout)
    
     ── 13. Error: expected outfiles are written and messaged, venue = 'R' (@test-out
    
     Cannot render this code.
     pandoc version 1.12.3 or higher is required and was not found (see the help page ?rmarkdown::pandoc_available).
     1: capture_messages(ret <- reprex(1:5, outfile = "foo", show = FALSE, venue = "R")) at testthat/test-outfiles.R:24
     2: withCallingHandlers(code, message = function(condition) {
     out$push(condition)
     invokeRestart("muffleMessage")
     })
     3: reprex(1:5, outfile = "foo", show = FALSE, venue = "R")
     4: reprex_(r_file)
     5: stop("\nCannot render this code.\n", rendout)
    
     ── 14. Error: `.md` extension is stripped from outfile (@test-outfiles.R#37) ──
    
     Cannot render this code.
     pandoc version 1.12.3 or higher is required and was not found (see the help page ?rmarkdown::pandoc_available).
     1: reprex(1:5, show = FALSE, outfile = "foo.md") at testthat/test-outfiles.R:37
     2: reprex_(r_file)
     3: stop("\nCannot render this code.\n", rendout)
    
     ── 15. Error: .R outfile doesn't clobber .R infile (@test-outfiles.R#45) ──────
    
     Cannot render this code.
     pandoc version 1.12.3 or higher is required and was not found (see the help page ?rmarkdown::pandoc_available).
     1: reprex(input = "foo.R", show = FALSE, outfile = NA) at testthat/test-outfiles.R:45
     2: reprex_(r_file)
     3: stop("\nCannot render this code.\n", rendout)
    
     ── 16. Error: outfiles in a subdirectory works (@test-outfiles.R#52) ──────────
    
     Cannot render this code.
     pandoc version 1.12.3 or higher is required and was not found (see the help page ?rmarkdown::pandoc_available).
     1: capture_messages(ret <- reprex(1:5, outfile = "foo/foo", show = FALSE)) at testthat/test-outfiles.R:52
     2: withCallingHandlers(code, message = function(condition) {
     out$push(condition)
     invokeRestart("muffleMessage")
     })
     3: reprex(1:5, outfile = "foo/foo", show = FALSE)
     4: reprex_(r_file)
     5: stop("\nCannot render this code.\n", rendout)
    
     ── 17. Error: outfiles based on input file (@test-outfiles.R#61) ──────────────
    
     Cannot render this code.
     pandoc version 1.12.3 or higher is required and was not found (see the help page ?rmarkdown::pandoc_available).
     1: capture_messages(ret <- reprex(input = "foo.R", show = FALSE, outfile = NA)) at testthat/test-outfiles.R:61
     2: withCallingHandlers(code, message = function(condition) {
     out$push(condition)
     invokeRestart("muffleMessage")
     })
     3: reprex(input = "foo.R", show = FALSE, outfile = NA)
     4: reprex_(r_file)
     5: stop("\nCannot render this code.\n", rendout)
    
     ── 18. Error: outfiles based on tempfile() (@test-outfiles.R#68) ──────────────
    
     Cannot render this code.
     pandoc version 1.12.3 or higher is required and was not found (see the help page ?rmarkdown::pandoc_available).
     1: capture_messages(ret <- reprex(input = c("x <- 1:3", "min(x)"), show = FALSE, outfile = NA)) at testthat/test-outfiles.R:68
     2: withCallingHandlers(code, message = function(condition) {
     out$push(condition)
     invokeRestart("muffleMessage")
     })
     3: reprex(input = c("x <- 1:3", "min(x)"), show = FALSE, outfile = NA)
     4: reprex_(r_file)
     5: stop("\nCannot render this code.\n", rendout)
    
     ── 19. Error: pre-existing foo_reprex.R isn't get clobbered, w/o user's OK (@tes
    
     Cannot render this code.
     pandoc version 1.12.3 or higher is required and was not found (see the help page ?rmarkdown::pandoc_available).
     1: reprex(min(1L), show = FALSE, outfile = "foo") at testthat/test-outfiles.R:83
     2: reprex_(r_file)
     3: stop("\nCannot render this code.\n", rendout)
    
     ── 20. Error: round trip: reprex(..., venue = 'R') --> reprex_clean() (@test-rou
    
     Cannot render this code.
     pandoc version 1.12.3 or higher is required and was not found (see the help page ?rmarkdown::pandoc_available).
     1: reprex(input = input, show = FALSE, venue = "R", opts_chunk = list(comment = "#!")) at testthat/test-roundtrips.R:12
     2: reprex_(r_file)
     3: stop("\nCannot render this code.\n", rendout)
    
     ── 21. Error: round trip: reprex(..., venue = 'gh') --> reprex_invert() (@test-r
    
     Cannot render this code.
     pandoc version 1.12.3 or higher is required and was not found (see the help page ?rmarkdown::pandoc_available).
     1: reprex(input = input, show = FALSE) at testthat/test-roundtrips.R:20
     2: reprex_(r_file)
     3: stop("\nCannot render this code.\n", rendout)
    
     ── 22. Error: round trip: reprex(..., venue = 'so') --> reprex_invert() (@test-r
    
     Cannot render this code.
     pandoc version 1.12.3 or higher is required and was not found (see the help page ?rmarkdown::pandoc_available).
     1: reprex(input = input, venue = "so", show = FALSE) at testthat/test-roundtrips.R:26
     2: reprex_(r_file)
     3: stop("\nCannot render this code.\n", rendout)
    
     ── 23. Error: session info is omitted / included (@test-session-info.R#9) ─────
    
     Cannot render this code.
     pandoc version 1.12.3 or higher is required and was not found (see the help page ?rmarkdown::pandoc_available).
     1: reprex({
     (y <- 1:4)
     mean(y)
     }, show = FALSE) at testthat/test-session-info.R:9
     2: reprex_(r_file)
     3: stop("\nCannot render this code.\n", rendout)
    
     ── 24. Error: session info is folded on github (@test-session-info.R#18) ──────
    
     Cannot render this code.
     pandoc version 1.12.3 or higher is required and was not found (see the help page ?rmarkdown::pandoc_available).
     1: reprex({
     (y <- 1:4)
     mean(y)
     }, show = FALSE, si = TRUE, venue = "gh") at testthat/test-session-info.R:18
     2: reprex_(r_file)
     3: stop("\nCannot render this code.\n", rendout)
    
     ── 25. Error: venue = 'so' works (@test-venues.R#19) ──────────────────────────
    
     Cannot render this code.
     pandoc version 1.12.3 or higher is required and was not found (see the help page ?rmarkdown::pandoc_available).
     1: reprex(input = input, venue = "so", show = FALSE) at testthat/test-venues.R:19
     2: reprex_(r_file)
     3: stop("\nCannot render this code.\n", rendout)
    
     ── 26. Error: venue = 'R' works (@test-venues.R#35) ───────────────────────────
    
     Cannot render this code.
     pandoc version 1.12.3 or higher is required and was not found (see the help page ?rmarkdown::pandoc_available).
     1: reprex(input = input, venue = "R", show = FALSE) at testthat/test-venues.R:35
     2: reprex_(r_file)
     3: stop("\nCannot render this code.\n", rendout)
    
     ══ testthat results ═══════════════════════════════════════════════════════════
     OK: 25 SKIPPED: 0 FAILED: 26
     1. Error: can't see environment of caller (@test-env.R#5)
     2. Error: reprex doesn't write into environment of caller (@test-env.R#11)
     3. Error: I understand exactly what I'm putting in reprex env (@test-env.R#22)
     4. Error: reprex: expression input works (@test-input.R#17)
     5. Error: reprex: character input works (@test-input.R#23)
     6. Error: reprex: file input works (@test-input.R#31)
     7. Error: reprex: file input in a subdirectory works (@test-input.R#40)
     8. Error: Circular use is detected before render (@test-input.R#47)
     9. Error: Leading prompts are removed (@test-input.R#55)
     1. ...
    
     Error: testthat unit tests failed
     Execution halted
Flavor: r-patched-solaris-x86

Version: 0.1.2
Check: tests
Result: ERROR
     Running ‘testthat.R’ [20s/27s]
    Running the tests in ‘tests/testthat.R’ failed.
    Last 13 lines of output:
     ══ testthat results ═══════════════════════════════════════════════════════════
     OK: 25 SKIPPED: 0 FAILED: 26
     1. Error: can't see environment of caller (@test-env.R#5)
     2. Error: reprex doesn't write into environment of caller (@test-env.R#11)
     3. Error: I understand exactly what I'm putting in reprex env (@test-env.R#22)
     4. Error: reprex: expression input works (@test-input.R#17)
     5. Error: reprex: character input works (@test-input.R#23)
     6. Error: reprex: file input works (@test-input.R#31)
     7. Error: reprex: file input in a subdirectory works (@test-input.R#40)
     8. Error: Circular use is detected before render (@test-input.R#47)
     9. Error: Leading prompts are removed (@test-input.R#55)
     1. ...
    
     Error: testthat unit tests failed
     Execution halted
Flavor: r-release-osx-x86_64

Version: 0.1.2
Check: tests
Result: ERROR
     Running ‘testthat.R’ [17s/17s]
    Running the tests in ‘tests/testthat.R’ failed.
    Last 13 lines of output:
     ══ testthat results ═══════════════════════════════════════════════════════════
     OK: 25 SKIPPED: 0 FAILED: 26
     1. Error: can't see environment of caller (@test-env.R#5)
     2. Error: reprex doesn't write into environment of caller (@test-env.R#11)
     3. Error: I understand exactly what I'm putting in reprex env (@test-env.R#22)
     4. Error: reprex: expression input works (@test-input.R#17)
     5. Error: reprex: character input works (@test-input.R#23)
     6. Error: reprex: file input works (@test-input.R#31)
     7. Error: reprex: file input in a subdirectory works (@test-input.R#40)
     8. Error: Circular use is detected before render (@test-input.R#47)
     9. Error: Leading prompts are removed (@test-input.R#55)
     1. ...
    
     Error: testthat unit tests failed
     Execution halted
Flavor: r-oldrel-osx-x86_64