CRAN Package Check Results for Package reprex

Last updated on 2018-11-13 01:46:34 CET.

Flavor Version Tinstall Tcheck Ttotal Status Flags
r-devel-linux-x86_64-debian-clang 0.2.1 2.45 33.55 36.00 OK
r-devel-linux-x86_64-debian-gcc 0.2.1 2.12 26.80 28.92 OK
r-devel-linux-x86_64-fedora-clang 0.2.1 41.51 NOTE
r-devel-linux-x86_64-fedora-gcc 0.2.1 41.29 NOTE
r-devel-windows-ix86+x86_64 0.2.1 5.00 62.00 67.00 OK
r-patched-linux-x86_64 0.2.1 2.17 29.07 31.24 OK
r-patched-solaris-x86 0.2.1 58.30 NOTE
r-release-linux-x86_64 0.2.1 2.20 29.29 31.49 OK
r-release-windows-ix86+x86_64 0.2.1 6.00 44.00 50.00 OK
r-release-osx-x86_64 0.2.1 NOTE
r-oldrel-windows-ix86+x86_64 0.2.1 6.00 45.00 51.00 OK
r-oldrel-osx-x86_64 0.2.1 NOTE

Check Details

Version: 0.2.1
Check: dependencies in R code
Result: NOTE
    Namespace in Imports field not imported from: ‘tools’
     All declared Imports should be used.
Flavors: r-devel-linux-x86_64-fedora-clang, r-devel-linux-x86_64-fedora-gcc, r-patched-solaris-x86, r-release-osx-x86_64, r-oldrel-osx-x86_64