CRAN Package Check Results for Package reprex

Last updated on 2019-02-15 20:47:04 CET.

Flavor Version Tinstall Tcheck Ttotal Status Flags
r-devel-linux-x86_64-debian-clang 0.2.1 2.75 31.33 34.08 OK
r-devel-linux-x86_64-debian-gcc 0.2.1 1.91 24.89 26.80 OK
r-devel-linux-x86_64-fedora-clang 0.2.1 41.67 NOTE
r-devel-linux-x86_64-fedora-gcc 0.2.1 38.59 NOTE
r-devel-windows-ix86+x86_64 0.2.1 15.00 62.00 77.00 OK
r-patched-linux-x86_64 0.2.1 2.08 29.10 31.18 OK
r-patched-solaris-x86 0.2.1 57.00 NOTE
r-release-linux-x86_64 0.2.1 1.74 29.23 30.97 OK
r-release-windows-ix86+x86_64 0.2.1 4.00 63.00 67.00 OK
r-release-osx-x86_64 0.2.1 NOTE
r-oldrel-windows-ix86+x86_64 0.2.1 6.00 63.00 69.00 OK
r-oldrel-osx-x86_64 0.2.1 NOTE

Check Details

Version: 0.2.1
Check: dependencies in R code
Result: NOTE
    Namespace in Imports field not imported from: ‘tools’
     All declared Imports should be used.
Flavors: r-devel-linux-x86_64-fedora-clang, r-devel-linux-x86_64-fedora-gcc, r-patched-solaris-x86, r-release-osx-x86_64, r-oldrel-osx-x86_64