Last updated on 2022-06-27 14:53:52 CEST.
Flavor | Version | Tinstall | Tcheck | Ttotal | Status | Flags |
---|---|---|---|---|---|---|
r-devel-linux-x86_64-debian-clang | 0.4.2 | 12.01 | 113.40 | 125.41 | NOTE | |
r-devel-linux-x86_64-debian-gcc | 0.4.2 | 8.03 | 83.73 | 91.76 | NOTE | |
r-devel-linux-x86_64-fedora-clang | 0.4.2 | 158.59 | NOTE | |||
r-devel-linux-x86_64-fedora-gcc | 0.4.2 | 157.66 | NOTE | |||
r-devel-windows-x86_64 | 0.4.2 | 274.00 | 166.00 | 440.00 | NOTE | |
r-patched-linux-x86_64 | 0.4.2 | 13.65 | 106.36 | 120.01 | OK | |
r-release-linux-x86_64 | 0.4.2 | 9.78 | 109.22 | 119.00 | OK | |
r-release-macos-arm64 | 0.4.2 | 39.00 | OK | |||
r-release-macos-x86_64 | 0.4.2 | 77.00 | OK | |||
r-release-windows-x86_64 | 0.4.2 | 211.00 | 165.00 | 376.00 | OK | |
r-oldrel-macos-arm64 | 0.4.2 | 42.00 | OK | |||
r-oldrel-macos-x86_64 | 0.4.2 | 57.00 | OK | |||
r-oldrel-windows-ix86+x86_64 | 0.4.2 | 25.00 | 153.00 | 178.00 | OK |
Version: 0.4.2
Check: Rd files
Result: NOTE
checkRd: (-1) KitchenhamEtAl.CorrelationsAmongParticipants.Madeyski10.Rd:7: Escaped LaTeX specials: \&
checkRd: (-1) KitchenhamEtAl.CorrelationsAmongParticipants.Madeyski10.Rd:56: Escaped LaTeX specials: \&
Flavors: r-devel-linux-x86_64-debian-clang, r-devel-linux-x86_64-debian-gcc, r-devel-linux-x86_64-fedora-clang, r-devel-linux-x86_64-fedora-gcc, r-devel-windows-x86_64