CRAN Package Check Results for Package resde

Last updated on 2024-06-19 11:23:54 CEST.

Flavor Version Tinstall Tcheck Ttotal Status Flags
r-devel-linux-x86_64-debian-clang 1.1 3.30 91.82 95.12 OK
r-devel-linux-x86_64-debian-gcc 1.1 2.32 65.27 67.59 OK
r-devel-linux-x86_64-fedora-clang 1.1 115.81 OK
r-devel-linux-x86_64-fedora-gcc 1.1 123.97 OK
r-devel-windows-x86_64 1.1 4.00 98.00 102.00 OK
r-patched-linux-x86_64 1.1 3.44 85.50 88.94 OK
r-release-linux-x86_64 1.1 2.12 87.75 89.87 OK
r-release-macos-arm64 1.1 40.00 OK
r-release-macos-x86_64 1.1 75.00 WARN
r-release-windows-x86_64 1.1 3.00 123.00 126.00 OK
r-oldrel-macos-arm64 1.1 40.00 OK
r-oldrel-macos-x86_64 1.1 108.00 OK
r-oldrel-windows-x86_64 1.1 4.00 106.00 110.00 OK

Check Details

Version: 1.1
Check: re-building of vignette outputs
Result: WARN Error(s) in re-building vignettes: ... --- re-building ‘resde-vignette.Rnw’ using knitr Error: processing vignette 'resde-vignette.Rnw' failed with diagnostics: Running 'texi2dvi' on 'resde-vignette.tex' failed. LaTeX errors: ! Undefined control sequence. l.200 \hlkwd{sdemodel}\hldef {(}\hlkwc{phi}\hldef{=}\hlopt{~}\hldef{x,} \hlkw... ? ! Emergency stop. l.200 End of file on the terminal! ! ==> Fatal error occurred, no output PDF file produced! --- failed re-building ‘resde-vignette.Rnw’ SUMMARY: processing the following file failed: ‘resde-vignette.Rnw’ Error: Vignette re-building failed. Execution halted Flavor: r-release-macos-x86_64