CRAN Package Check Results for Package reshape

Last updated on 2019-12-06 05:46:49 CET.

Flavor Version Tinstall Tcheck Ttotal Status Flags
r-devel-linux-x86_64-debian-clang 0.8.8 3.87 32.58 36.45 OK
r-devel-linux-x86_64-debian-gcc 0.8.8 3.18 25.25 28.43 OK
r-devel-linux-x86_64-fedora-clang 0.8.8 42.13 OK
r-devel-linux-x86_64-fedora-gcc 0.8.8 41.54 OK
r-devel-windows-ix86+x86_64 0.8.8 10.00 68.00 78.00 OK
r-devel-windows-ix86+x86_64-gcc8 0.8.8 23.00 65.00 88.00 OK
r-patched-linux-x86_64 0.8.8 3.73 29.51 33.24 OK
r-patched-solaris-x86 0.8.8 58.90 OK
r-release-linux-x86_64 0.8.8 3.40 30.41 33.81 OK
r-release-windows-ix86+x86_64 0.8.8 10.00 46.00 56.00 OK
r-release-osx-x86_64 0.8.8 OK
r-oldrel-windows-ix86+x86_64 0.8.8 5.00 46.00 51.00 OK
r-oldrel-osx-x86_64 0.8.8 NOTE

Check Details

Version: 0.8.8
Check: Rd \usage sections
Result: NOTE
    S3 methods shown with full name in documentation object 'all.vars.character':
     ‘all.vars.character’
    
    The \usage entries for S3 methods should use the \method markup and not
    their full name.
    See chapter ‘Writing R documentation files’ in the ‘Writing R
    Extensions’ manual.
Flavor: r-oldrel-osx-x86_64