CRAN Package Check Results for Package restlos

Last updated on 2018-02-22 01:50:03 CET.

Flavor Version Tinstall Tcheck Ttotal Status Flags
r-devel-linux-x86_64-debian-clang 0.2-2 2.58 29.87 32.45 OK
r-devel-linux-x86_64-debian-gcc 0.2-2 1.69 26.22 27.91 OK
r-devel-linux-x86_64-fedora-clang 0.2-2 42.71 OK
r-devel-linux-x86_64-fedora-gcc 0.2-2 41.39 OK
r-devel-windows-ix86+x86_64 0.2-2 6.00 50.00 56.00 OK
r-patched-linux-x86_64 0.2-2 1.80 32.61 34.41 OK
r-patched-solaris-x86 0.2-2 60.80 OK
r-release-linux-x86_64 0.2-2 2.01 32.24 34.25 OK
r-release-windows-ix86+x86_64 0.2-2 11.00 57.00 68.00 OK
r-release-osx-x86_64 0.2-2 OK
r-oldrel-windows-ix86+x86_64 0.2-2 5.00 60.00 65.00 OK
r-oldrel-osx-x86_64 0.2-2 WARN

Check Details

Version: 0.2-2
Check: whether package can be installed
Result: WARN
    Found the following significant warnings:
     Warning: 'rgl_init' failed, running with rgl.useNULL = TRUE
Flavor: r-oldrel-osx-x86_64

Version: 0.2-2
Check: dependencies in R code
Result: NOTE
    Invalid MIT-MAGIC-COOKIE-1 key
Flavor: r-oldrel-osx-x86_64

Version: 0.2-2
Check: S3 generic/method consistency
Result: WARN
    Invalid MIT-MAGIC-COOKIE-1 key
    See section ‘Generic functions and methods’ in the ‘Writing R
    Extensions’ manual.
Flavor: r-oldrel-osx-x86_64

Version: 0.2-2
Check: replacement functions
Result: WARN
    Invalid MIT-MAGIC-COOKIE-1 key
    The argument of a replacement function which corresponds to the right
    hand side must be named ‘value’.
Flavor: r-oldrel-osx-x86_64

Version: 0.2-2
Check: foreign function calls
Result: NOTE
    Invalid MIT-MAGIC-COOKIE-1 key
    See chapter ‘System and foreign language interfaces’ in the ‘Writing R
    Extensions’ manual.
Flavor: r-oldrel-osx-x86_64

Version: 0.2-2
Check: R code for possible problems
Result: NOTE
    Invalid MIT-MAGIC-COOKIE-1 key
Flavor: r-oldrel-osx-x86_64

Version: 0.2-2
Check: for missing documentation entries
Result: WARN
    Invalid MIT-MAGIC-COOKIE-1 key
    All user-level objects in a package should have documentation entries.
    See chapter ‘Writing R documentation files’ in the ‘Writing R
    Extensions’ manual.
Flavor: r-oldrel-osx-x86_64

Version: 0.2-2
Check: for code/documentation mismatches
Result: WARN
    Invalid MIT-MAGIC-COOKIE-1 key
    Invalid MIT-MAGIC-COOKIE-1 key
    Invalid MIT-MAGIC-COOKIE-1 key
Flavor: r-oldrel-osx-x86_64

Version: 0.2-2
Check: Rd \usage sections
Result: NOTE
    Invalid MIT-MAGIC-COOKIE-1 key
    The \usage entries for S3 methods should use the \method markup and not
    their full name.
    See chapter ‘Writing R documentation files’ in the ‘Writing R
    Extensions’ manual.
Flavor: r-oldrel-osx-x86_64