CRAN Package Check Results for Package restriktor

Last updated on 2022-12-04 18:53:57 CET.

Flavor Version Tinstall Tcheck Ttotal Status Flags
r-devel-linux-x86_64-debian-clang 0.3-500 15.61 107.39 123.00 NOTE
r-devel-linux-x86_64-debian-gcc 0.3-500 12.00 81.37 93.37 NOTE
r-devel-linux-x86_64-fedora-clang 0.3-500 163.71 NOTE
r-devel-linux-x86_64-fedora-gcc 0.3-500 157.57 NOTE
r-devel-windows-x86_64 0.3-500 37.00 130.00 167.00 NOTE
r-patched-linux-x86_64 0.3-500 15.44 105.57 121.01 OK
r-release-linux-x86_64 0.3-500 13.08 101.48 114.56 OK
r-release-macos-arm64 0.3-500 35.00 OK
r-release-macos-x86_64 0.3-500 54.00 OK
r-release-windows-x86_64 0.3-500 55.00 133.00 188.00 OK
r-oldrel-macos-arm64 0.3-500 37.00 OK
r-oldrel-macos-x86_64 0.3-500 52.00 OK
r-oldrel-windows-ix86+x86_64 0.3-500 27.00 121.00 148.00 OK

Check Details

Version: 0.3-500
Check: Rd files
Result: NOTE
    checkRd: (-1) Burns.Rd:28: Escaped LaTeX specials: \&
Flavors: r-devel-linux-x86_64-debian-clang, r-devel-linux-x86_64-debian-gcc, r-devel-linux-x86_64-fedora-clang, r-devel-linux-x86_64-fedora-gcc, r-devel-windows-x86_64