CRAN Package Check Results for Package retrodesign

Last updated on 2022-07-06 12:53:44 CEST.

Flavor Version Tinstall Tcheck Ttotal Status Flags
r-devel-linux-x86_64-debian-clang 0.1.0 2.03 35.17 37.20 NOTE
r-devel-linux-x86_64-debian-gcc 0.1.0 1.91 26.98 28.89 NOTE
r-devel-linux-x86_64-fedora-clang 0.1.0 55.53 NOTE
r-devel-linux-x86_64-fedora-gcc 0.1.0 54.81 NOTE
r-devel-windows-x86_64 0.1.0 28.00 68.00 96.00 NOTE
r-patched-linux-x86_64 0.1.0 1.79 33.51 35.30 NOTE
r-release-linux-x86_64 0.1.0 2.42 33.77 36.19 NOTE
r-release-macos-arm64 0.1.0 17.00 NOTE
r-release-macos-x86_64 0.1.0 27.00 NOTE
r-release-windows-x86_64 0.1.0 31.00 71.00 102.00 NOTE
r-oldrel-macos-arm64 0.1.0 26.00 NOTE
r-oldrel-macos-x86_64 0.1.0 34.00 NOTE
r-oldrel-windows-ix86+x86_64 0.1.0 7.00 51.00 58.00 NOTE

Check Details

Version: 0.1.0
Check: LazyData
Result: NOTE
     'LazyData' is specified without a 'data' directory
Flavors: r-devel-linux-x86_64-debian-clang, r-devel-linux-x86_64-debian-gcc, r-devel-linux-x86_64-fedora-clang, r-devel-linux-x86_64-fedora-gcc, r-devel-windows-x86_64, r-patched-linux-x86_64, r-release-linux-x86_64, r-release-macos-arm64, r-release-macos-x86_64, r-release-windows-x86_64, r-oldrel-macos-arm64, r-oldrel-macos-x86_64, r-oldrel-windows-ix86+x86_64