CRAN Package Check Results for Package revdbayes

Last updated on 2019-02-18 06:47:11 CET.

Flavor Version Tinstall Tcheck Ttotal Status Flags
r-devel-linux-x86_64-debian-clang 1.3.2 43.09 527.84 570.93 NOTE
r-devel-linux-x86_64-debian-gcc 1.3.2 36.94 366.39 403.33 NOTE
r-devel-linux-x86_64-fedora-clang 1.3.2 693.23 NOTE
r-devel-linux-x86_64-fedora-gcc 1.3.2 647.67 NOTE
r-devel-windows-ix86+x86_64 1.3.2 116.00 575.00 691.00 NOTE
r-patched-linux-x86_64 1.3.2 40.31 489.01 529.32 OK
r-patched-solaris-x86 1.3.2 705.10 OK
r-release-linux-x86_64 1.3.2 OK
r-release-windows-ix86+x86_64 1.3.2 86.00 714.00 800.00 OK
r-release-osx-x86_64 1.3.2 OK
r-oldrel-windows-ix86+x86_64 1.3.2 90.00 787.00 877.00 OK
r-oldrel-osx-x86_64 1.3.2 OK

Check Details

Version: 1.3.2
Check: line endings in C/C++/Fortran sources/headers
Result: NOTE
    Found the following sources/headers with CR or CRLF line endings:
     inst/include/revdbayes.h
     inst/include/revdbayes_RcppExports.h
    Some Unix compilers require LF line endings.
Flavors: r-devel-linux-x86_64-debian-clang, r-devel-linux-x86_64-debian-gcc, r-devel-linux-x86_64-fedora-clang, r-devel-linux-x86_64-fedora-gcc, r-devel-windows-ix86+x86_64