Last updated on 2022-08-08 19:51:53 CEST.
Flavor | Version | Tinstall | Tcheck | Ttotal | Status | Flags |
---|---|---|---|---|---|---|
r-devel-linux-x86_64-debian-clang | 1.4.9 | 59.83 | 406.29 | 466.12 | NOTE | |
r-devel-linux-x86_64-debian-gcc | 1.4.9 | 49.81 | 282.07 | 331.88 | NOTE | |
r-devel-linux-x86_64-fedora-clang | 1.4.9 | 552.97 | NOTE | |||
r-devel-linux-x86_64-fedora-gcc | 1.4.9 | 545.61 | NOTE | |||
r-devel-windows-x86_64 | 1.4.9 | 119.00 | 607.00 | 726.00 | OK | |
r-patched-linux-x86_64 | 1.4.9 | 53.97 | 362.45 | 416.42 | NOTE | |
r-release-linux-x86_64 | 1.4.9 | NOTE | ||||
r-release-macos-arm64 | 1.4.9 | 152.00 | NOTE | |||
r-release-macos-x86_64 | 1.4.9 | 259.00 | NOTE | |||
r-release-windows-x86_64 | 1.4.9 | 101.00 | 598.00 | 699.00 | OK | |
r-oldrel-macos-arm64 | 1.4.9 | 150.00 | NOTE | |||
r-oldrel-macos-x86_64 | 1.4.9 | 255.00 | NOTE | |||
r-oldrel-windows-ix86+x86_64 | 1.4.9 | 136.00 | 777.00 | 913.00 | OK |
Version: 1.4.9
Check: package dependencies
Result: NOTE
Package suggested but not available for checking: 'evdbayes'
Flavors: r-devel-linux-x86_64-debian-clang, r-devel-linux-x86_64-debian-gcc, r-devel-linux-x86_64-fedora-clang, r-devel-linux-x86_64-fedora-gcc, r-patched-linux-x86_64, r-release-linux-x86_64
Version: 1.4.9
Check: installed package size
Result: NOTE
installed size is 5.6Mb
sub-directories of 1Mb or more:
libs 4.3Mb
Flavors: r-release-macos-arm64, r-release-macos-x86_64, r-oldrel-macos-arm64, r-oldrel-macos-x86_64