CRAN Package Check Results for Package revengc

Last updated on 2018-08-20 15:51:53 CEST.

Flavor Version Tinstall Tcheck Ttotal Status Flags
r-devel-linux-x86_64-debian-clang 1.0.2 4.67 54.45 59.12 OK
r-devel-linux-x86_64-debian-gcc 1.0.2 3.31 42.68 45.99 OK
r-devel-linux-x86_64-fedora-clang 1.0.2 69.70 OK
r-devel-linux-x86_64-fedora-gcc 1.0.2 69.05 OK
r-devel-windows-ix86+x86_64 1.0.2 13.00 102.00 115.00 OK
r-patched-linux-x86_64 1.0.2 4.44 50.43 54.87 OK
r-patched-solaris-x86 1.0.2 91.90 OK
r-release-linux-x86_64 1.0.2 4.63 50.15 54.78 OK
r-release-windows-ix86+x86_64 1.0.2 12.00 70.00 82.00 OK
r-release-osx-x86_64 1.0.2 WARN
r-oldrel-windows-ix86+x86_64 1.0.2 6.00 108.00 114.00 OK
r-oldrel-osx-x86_64 1.0.2 OK

Check Details

Version: 1.0.2
Check: whether package can be installed
Result: WARN
    Found the following significant warnings:
     Warning: package ‘dplyr’ was built under R version 3.5.1
Flavor: r-release-osx-x86_64