CRAN Package Check Results for Package revengc

Last updated on 2018-02-24 23:49:15 CET.

Flavor Version Tinstall Tcheck Ttotal Status Flags
r-devel-linux-x86_64-debian-clang 1.0.0 1.74 36.16 37.90 OK
r-devel-linux-x86_64-debian-gcc 1.0.0 1.98 28.30 30.28 OK
r-devel-linux-x86_64-fedora-clang 1.0.0 48.56 OK
r-devel-linux-x86_64-fedora-gcc 1.0.0 46.94 OK
r-devel-windows-ix86+x86_64 1.0.0 7.00 65.00 72.00 OK
r-patched-linux-x86_64 1.0.0 1.12 41.14 42.26 OK
r-patched-solaris-x86 1.0.0 60.30 OK
r-release-linux-x86_64 1.0.0 1.16 40.60 41.76 OK
r-release-windows-ix86+x86_64 1.0.0 3.00 70.00 73.00 OK
r-release-osx-x86_64 1.0.0 OK
r-oldrel-windows-ix86+x86_64 1.0.0 3.00 49.00 52.00 OK
r-oldrel-osx-x86_64 1.0.0 WARN

Check Details

Version: 1.0.0
Check: re-building of vignette outputs
Result: WARN
    Error in re-building vignettes:
     ...
    Error: processing vignette 'methodbehind_reverseengineeringcensus.ltx' failed with diagnostics:
    Running 'texi2dvi' on 'methodbehind_reverseengineeringcensus.ltx' failed.
    LaTeX errors:
    ! Undefined control sequence.
    l.54 ...ted to approximate $\lambda$\textsubscript
     {3}, which subsequently pr...
    The control sequence at the end of the top line
    of your error message was never \def'ed. If you have
    ! Undefined control sequence.
    l.54 ...ides the necessary $\lambda$\textsubscript
     {1} and $\lambda$\textsubs...
    The control sequence at the end of the top line
    of your error message was never \def'ed. If you have
    ! Undefined control sequence.
    l.54 ...xtsubscript{1} and $\lambda$\textsubscript
     {2} parameters. The estima...
    The control sequence at the end of the top line
    of your error message was never \def'ed. If you have
    ! Undefined control sequence.
    Execution halted
Flavor: r-oldrel-osx-x86_64