CRAN Package Check Results for Package revtools

Last updated on 2019-09-19 08:51:05 CEST.

Flavor Version Tinstall Tcheck Ttotal Status Flags
r-devel-linux-x86_64-debian-clang 0.4.0 10.65 68.84 79.49 OK
r-devel-linux-x86_64-debian-gcc 0.4.0 7.30 53.04 60.34 OK
r-devel-linux-x86_64-fedora-clang 0.4.0 94.59 NOTE
r-devel-linux-x86_64-fedora-gcc 0.4.0 92.19 NOTE
r-devel-windows-ix86+x86_64 0.4.0 33.00 80.00 113.00 OK
r-patched-linux-x86_64 0.4.0 10.00 67.00 77.00 OK
r-patched-solaris-x86 0.4.0 128.70 NOTE
r-release-linux-x86_64 0.4.0 11.49 68.23 79.72 OK
r-release-windows-ix86+x86_64 0.4.0 18.00 80.00 98.00 OK
r-release-osx-x86_64 0.4.0 NOTE
r-oldrel-windows-ix86+x86_64 0.4.0 11.00 85.00 96.00 OK
r-oldrel-osx-x86_64 0.4.0 NOTE

Check Details

Version: 0.4.0
Check: dependencies in R code
Result: NOTE
    Namespace in Imports field not imported from: ‘SnowballC’
     All declared Imports should be used.
Flavors: r-devel-linux-x86_64-fedora-clang, r-devel-linux-x86_64-fedora-gcc, r-patched-solaris-x86, r-release-osx-x86_64, r-oldrel-osx-x86_64