CRAN Package Check Results for Package revtools

Last updated on 2020-02-20 21:47:40 CET.

Flavor Version Tinstall Tcheck Ttotal Status Flags
r-devel-linux-x86_64-debian-clang 0.4.1 10.41 78.24 88.65 OK
r-devel-linux-x86_64-debian-gcc 0.4.1 10.61 58.22 68.83 OK
r-devel-linux-x86_64-fedora-clang 0.4.1 107.34 OK
r-devel-linux-x86_64-fedora-gcc 0.4.1 103.10 OK
r-devel-windows-ix86+x86_64 0.4.1 25.00 89.00 114.00 OK
r-devel-windows-ix86+x86_64-gcc8 0.4.1 38.00 91.00 129.00 OK
r-patched-linux-x86_64 0.4.1 11.31 66.91 78.22 OK
r-patched-solaris-x86 0.4.1 146.50 OK
r-release-linux-x86_64 0.4.1 11.17 69.15 80.32 OK
r-release-windows-ix86+x86_64 0.4.1 16.00 88.00 104.00 OK
r-release-osx-x86_64 0.4.1 OK
r-oldrel-windows-ix86+x86_64 0.4.1 3.00 5.00 8.00 ERROR
r-oldrel-osx-x86_64 0.4.1 OK

Check Details

Version: 0.4.1
Check: whether package can be installed
Result: ERROR
    Installation failed.
Flavor: r-oldrel-windows-ix86+x86_64