CRAN Package Check Results for Package revulyticsR

Last updated on 2024-02-29 20:52:59 CET.

Flavor Version Tinstall Tcheck Ttotal Status Flags
r-devel-linux-x86_64-debian-clang 0.0.3 5.76 45.02 50.78 NOTE
r-devel-linux-x86_64-debian-gcc 0.0.3 4.42 34.08 38.50 NOTE
r-devel-linux-x86_64-fedora-clang 0.0.3 62.03 NOTE
r-devel-linux-x86_64-fedora-gcc 0.0.3 57.90 NOTE
r-devel-windows-x86_64 0.0.3 5.00 59.00 64.00 NOTE
r-patched-linux-x86_64 0.0.3 4.80 43.98 48.78 NOTE
r-release-linux-x86_64 0.0.3 3.46 43.65 47.11 NOTE
r-release-macos-arm64 0.0.3 25.00 NOTE
r-release-macos-x86_64 0.0.3 35.00 NOTE
r-release-windows-x86_64 0.0.3 7.00 62.00 69.00 NOTE
r-oldrel-macos-arm64 0.0.3 21.00 NOTE
r-oldrel-windows-x86_64 0.0.3 7.00 68.00 75.00 NOTE

Check Details

Version: 0.0.3
Check: LazyData
Result: NOTE 'LazyData' is specified without a 'data' directory Flavors: r-devel-linux-x86_64-debian-clang, r-devel-linux-x86_64-debian-gcc, r-devel-linux-x86_64-fedora-clang, r-devel-linux-x86_64-fedora-gcc, r-devel-windows-x86_64, r-patched-linux-x86_64, r-release-linux-x86_64, r-release-macos-arm64, r-release-macos-x86_64, r-release-windows-x86_64, r-oldrel-macos-arm64, r-oldrel-windows-x86_64