CRAN Package Check Results for Package rex

Last updated on 2024-06-13 01:58:03 CEST.

Flavor Version Tinstall Tcheck Ttotal Status Flags
r-devel-linux-x86_64-debian-clang 1.2.1 2.91 41.37 44.28 OK
r-devel-linux-x86_64-debian-gcc 1.2.1 1.98 25.32 27.30 ERROR
r-devel-linux-x86_64-fedora-clang 1.2.1 55.24 OK
r-devel-linux-x86_64-fedora-gcc 1.2.1 64.45 OK
r-devel-windows-x86_64 1.2.1 3.00 55.00 58.00 OK
r-patched-linux-x86_64 1.2.1 3.71 39.47 43.18 OK
r-release-linux-x86_64 1.2.1 2.42 39.36 41.78 OK
r-release-macos-arm64 1.2.1 26.00 OK
r-release-macos-x86_64 1.2.1 52.00 OK
r-release-windows-x86_64 1.2.1 4.00 56.00 60.00 OK
r-oldrel-macos-arm64 1.2.1 30.00 OK
r-oldrel-macos-x86_64 1.2.1 39.00 OK
r-oldrel-windows-x86_64 1.2.1 4.00 58.00 62.00 OK

Check Details

Version: 1.2.1
Check: package dependencies
Result: NOTE Packages suggested but not available for checking: 'dplyr', 'ggplot2', 'Hmisc', 'roxygen2', 'rvest', 'stringr', 'testthat' Flavor: r-devel-linux-x86_64-debian-gcc

Version: 1.2.1
Check: tests
Result: ERROR Running ‘testthat.R’ [0s/1s] Running the tests in ‘tests/testthat.R’ failed. Complete output: > library(testthat) Error in library(testthat) : there is no package called 'testthat' Execution halted Flavor: r-devel-linux-x86_64-debian-gcc

Version: 1.2.1
Check: re-building of vignette outputs
Result: ERROR Error(s) in re-building vignettes: ... --- re-building ‘log_parsing.Rmd’ using rmarkdown Quitting from lines 29-34 [unnamed-chunk-1] (log_parsing.Rmd) Error: processing vignette 'log_parsing.Rmd' failed with diagnostics: there is no package called 'dplyr' --- failed re-building ‘log_parsing.Rmd’ --- re-building ‘url_parsing.Rmd’ using rmarkdown --- finished re-building ‘url_parsing.Rmd’ SUMMARY: processing the following file failed: ‘log_parsing.Rmd’ Error: Vignette re-building failed. Execution halted Flavor: r-devel-linux-x86_64-debian-gcc