CRAN Package Check Results for Package rextendr

Last updated on 2022-05-18 15:49:12 CEST.

Flavor Version Tinstall Tcheck Ttotal Status Flags
r-devel-linux-x86_64-debian-clang 0.2.0 6.78 70.30 77.08 OK
r-devel-linux-x86_64-debian-gcc 0.2.0 4.57 52.51 57.08 OK
r-devel-linux-x86_64-fedora-clang 0.2.0 96.46 NOTE
r-devel-linux-x86_64-fedora-gcc 0.2.0 86.70 NOTE
r-devel-windows-x86_64 0.2.0 27.00 95.00 122.00 OK
r-patched-linux-x86_64 0.2.0 6.38 66.70 73.08 OK
r-release-linux-x86_64 0.2.0 4.60 65.08 69.68 OK
r-release-macos-arm64 0.2.0 26.00 NOTE
r-release-macos-x86_64 0.2.0 56.00 NOTE
r-release-windows-x86_64 0.2.0 41.00 97.00 138.00 OK
r-oldrel-macos-arm64 0.2.0 33.00 NOTE
r-oldrel-macos-x86_64 0.2.0 38.00 NOTE
r-oldrel-windows-ix86+x86_64 0.2.0 17.00 78.00 95.00 OK

Check Details

Version: 0.2.0
Check: dependencies in R code
Result: NOTE
    Namespace in Imports field not imported from: ‘pkgload’
     All declared Imports should be used.
Flavors: r-devel-linux-x86_64-fedora-clang, r-devel-linux-x86_64-fedora-gcc, r-release-macos-arm64, r-release-macos-x86_64, r-oldrel-macos-arm64, r-oldrel-macos-x86_64