CRAN Package Check Results for Package rfPermute

Last updated on 2018-05-24 19:49:49 CEST.

Flavor Version Tinstall Tcheck Ttotal Status Flags
r-devel-linux-x86_64-debian-clang 2.1.5 6.84 85.81 92.65 OK
r-devel-linux-x86_64-debian-gcc 2.1.5 6.22 77.74 83.96 OK
r-devel-linux-x86_64-fedora-clang 2.1.5 128.97 NOTE
r-devel-linux-x86_64-fedora-gcc 2.1.5 122.65 NOTE
r-devel-windows-ix86+x86_64 2.1.5 11.00 116.00 127.00 OK
r-patched-linux-x86_64 2.1.5 5.23 85.49 90.72 OK
r-patched-solaris-x86 2.1.5 169.90 NOTE
r-release-linux-x86_64 2.1.5 4.90 86.08 90.98 OK
r-release-windows-ix86+x86_64 2.1.5 13.00 141.00 154.00 OK
r-release-osx-x86_64 2.1.5 NOTE
r-oldrel-windows-ix86+x86_64 2.1.5 17.00 100.00 117.00 OK
r-oldrel-osx-x86_64 2.1.5 NOTE

Check Details

Version: 2.1.5
Check: dependencies in R code
Result: NOTE
    Namespace in Imports field not imported from: ‘graphics’
     All declared Imports should be used.
Flavors: r-devel-linux-x86_64-fedora-clang, r-devel-linux-x86_64-fedora-gcc, r-patched-solaris-x86, r-release-osx-x86_64, r-oldrel-osx-x86_64