CRAN Package Check Results for Package rfigshare

Last updated on 2018-10-20 01:46:42 CEST.

Flavor Version Tinstall Tcheck Ttotal Status Flags
r-devel-linux-x86_64-debian-clang 0.3.7 3.79 52.26 56.05 NOTE
r-devel-linux-x86_64-debian-gcc 0.3.7 3.09 41.00 44.09 NOTE
r-devel-linux-x86_64-fedora-clang 0.3.7 65.71 NOTE
r-devel-linux-x86_64-fedora-gcc 0.3.7 61.98 NOTE
r-devel-windows-ix86+x86_64 0.3.7 12.00 68.00 80.00 NOTE
r-patched-linux-x86_64 0.3.7 2.92 41.51 44.43 NOTE
r-patched-solaris-x86 0.3.7 83.80 NOTE
r-release-linux-x86_64 0.3.7 3.16 42.98 46.14 NOTE
r-release-windows-ix86+x86_64 0.3.7 11.00 89.00 100.00 NOTE
r-release-osx-x86_64 0.3.7 NOTE
r-oldrel-windows-ix86+x86_64 0.3.7 8.00 93.00 101.00 NOTE
r-oldrel-osx-x86_64 0.3.7 NOTE

Check Details

Version: 0.3.7
Check: R code for possible problems
Result: NOTE
    fs_author_ids : <anonymous>: no visible global function definition for
     ‘select.list’
    fs_download : <anonymous>: no visible global function definition for
     ‘download.file’
    Undefined global functions or variables:
     download.file select.list
    Consider adding
     importFrom("utils", "download.file", "select.list")
    to your NAMESPACE file.
Flavors: r-devel-linux-x86_64-debian-clang, r-devel-linux-x86_64-debian-gcc, r-devel-linux-x86_64-fedora-clang, r-devel-linux-x86_64-fedora-gcc, r-devel-windows-ix86+x86_64, r-patched-linux-x86_64, r-patched-solaris-x86, r-release-linux-x86_64, r-release-windows-ix86+x86_64, r-release-osx-x86_64, r-oldrel-windows-ix86+x86_64, r-oldrel-osx-x86_64