CRAN Package Check Results for Package rfigshare

Last updated on 2020-08-07 21:48:50 CEST.

Flavor Version Tinstall Tcheck Ttotal Status Flags
r-devel-linux-x86_64-debian-clang 0.3.7 5.75 55.47 61.22 NOTE
r-devel-linux-x86_64-debian-gcc 0.3.7 4.56 43.10 47.66 NOTE
r-devel-linux-x86_64-fedora-clang 0.3.7 80.32 NOTE
r-devel-linux-x86_64-fedora-gcc 0.3.7 71.43 NOTE
r-devel-windows-ix86+x86_64 0.3.7 21.00 74.00 95.00 NOTE
r-patched-linux-x86_64 0.3.7 5.71 54.28 59.99 NOTE
r-patched-solaris-x86 0.3.7 103.80 NOTE
r-release-linux-x86_64 0.3.7 6.16 54.38 60.54 NOTE
r-release-macos-x86_64 0.3.7 NOTE
r-release-windows-ix86+x86_64 0.3.7 19.00 105.00 124.00 NOTE
r-oldrel-macos-x86_64 0.3.7 NOTE
r-oldrel-windows-ix86+x86_64 0.3.7 13.00 73.00 86.00 NOTE

Check Details

Version: 0.3.7
Check: R code for possible problems
Result: NOTE
    fs_author_ids : <anonymous>: no visible global function definition for
     'select.list'
    fs_download : <anonymous>: no visible global function definition for
     'download.file'
    Undefined global functions or variables:
     download.file select.list
    Consider adding
     importFrom("utils", "download.file", "select.list")
    to your NAMESPACE file.
Flavors: r-devel-linux-x86_64-debian-clang, r-devel-linux-x86_64-debian-gcc, r-devel-linux-x86_64-fedora-clang, r-devel-linux-x86_64-fedora-gcc, r-devel-windows-ix86+x86_64, r-patched-linux-x86_64, r-patched-solaris-x86, r-release-linux-x86_64, r-release-macos-x86_64, r-release-windows-ix86+x86_64, r-oldrel-macos-x86_64, r-oldrel-windows-ix86+x86_64