CRAN Package Check Results for Package rfigshare

Last updated on 2018-07-21 02:47:48 CEST.

Flavor Version Tinstall Tcheck Ttotal Status Flags
r-devel-linux-x86_64-debian-clang 0.3.7 3.84 47.27 51.11 NOTE
r-devel-linux-x86_64-debian-gcc 0.3.7 2.68 39.74 42.42 NOTE
r-devel-linux-x86_64-fedora-clang 0.3.7 62.65 NOTE
r-devel-linux-x86_64-fedora-gcc 0.3.7 60.45 NOTE
r-devel-windows-ix86+x86_64 0.3.7 8.00 91.00 99.00 NOTE
r-patched-linux-x86_64 0.3.7 NOTE
r-patched-solaris-x86 0.3.7 85.80 NOTE
r-release-linux-x86_64 0.3.7 2.55 43.19 45.74 NOTE
r-release-windows-ix86+x86_64 0.3.7 13.00 82.00 95.00 NOTE
r-release-osx-x86_64 0.3.7 NOTE
r-oldrel-windows-ix86+x86_64 0.3.7 7.00 61.00 68.00 NOTE
r-oldrel-osx-x86_64 0.3.7 NOTE

Check Details

Version: 0.3.7
Check: R code for possible problems
Result: NOTE
    fs_author_ids : <anonymous>: no visible global function definition for
     ‘select.list’
    fs_download : <anonymous>: no visible global function definition for
     ‘download.file’
    Undefined global functions or variables:
     download.file select.list
    Consider adding
     importFrom("utils", "download.file", "select.list")
    to your NAMESPACE file.
Flavors: r-devel-linux-x86_64-debian-clang, r-devel-linux-x86_64-debian-gcc, r-devel-linux-x86_64-fedora-clang, r-devel-linux-x86_64-fedora-gcc, r-devel-windows-ix86+x86_64, r-patched-linux-x86_64, r-patched-solaris-x86, r-release-linux-x86_64, r-release-windows-ix86+x86_64, r-release-osx-x86_64, r-oldrel-windows-ix86+x86_64, r-oldrel-osx-x86_64