CRAN Package Check Results for Package rfigshare

Last updated on 2018-04-25 15:48:25 CEST.

Flavor Version Tinstall Tcheck Ttotal Status Flags
r-devel-linux-x86_64-debian-clang 0.3.7 3.30 38.64 41.94 NOTE
r-devel-linux-x86_64-debian-gcc 0.3.7 2.40 30.90 33.30 NOTE
r-devel-linux-x86_64-fedora-clang 0.3.7 49.59 NOTE
r-devel-linux-x86_64-fedora-gcc 0.3.7 48.08 NOTE
r-devel-windows-ix86+x86_64 0.3.7 12.00 57.00 69.00 NOTE
r-patched-linux-x86_64 0.3.7 2.44 37.98 40.42 NOTE
r-patched-solaris-x86 0.3.7 79.90 NOTE
r-release-linux-x86_64 0.3.7 3.35 38.60 41.95 NOTE
r-release-windows-ix86+x86_64 0.3.7 12.00 57.00 69.00 NOTE
r-release-osx-x86_64 0.3.7 NOTE
r-oldrel-windows-ix86+x86_64 0.3.7 6.00 48.00 54.00 NOTE
r-oldrel-osx-x86_64 0.3.7 NOTE

Check Details

Version: 0.3.7
Check: R code for possible problems
Result: NOTE
    fs_author_ids : <anonymous>: no visible global function definition for
     ‘select.list’
    fs_download : <anonymous>: no visible global function definition for
     ‘download.file’
    Undefined global functions or variables:
     download.file select.list
    Consider adding
     importFrom("utils", "download.file", "select.list")
    to your NAMESPACE file.
Flavors: r-devel-linux-x86_64-debian-clang, r-devel-linux-x86_64-debian-gcc, r-devel-linux-x86_64-fedora-clang, r-devel-linux-x86_64-fedora-gcc, r-devel-windows-ix86+x86_64, r-patched-linux-x86_64, r-patched-solaris-x86, r-release-linux-x86_64, r-release-windows-ix86+x86_64, r-release-osx-x86_64, r-oldrel-windows-ix86+x86_64, r-oldrel-osx-x86_64