CRAN Package Check Results for Package rflexscan

Last updated on 2020-06-01 19:47:17 CEST.

Flavor Version Tinstall Tcheck Ttotal Status Flags
r-devel-linux-x86_64-debian-clang 0.2.0 24.39 38.49 62.88 OK
r-devel-linux-x86_64-debian-gcc 0.2.0 18.16 30.42 48.58 OK
r-devel-linux-x86_64-fedora-clang 0.2.0 89.69 NOTE
r-devel-linux-x86_64-fedora-gcc 0.2.0 75.70 NOTE
r-devel-windows-ix86+x86_64 0.2.0 59.00 111.00 170.00 OK
r-patched-linux-x86_64 0.2.0 17.14 38.93 56.07 OK
r-patched-solaris-x86 0.2.0 103.00 NOTE
r-release-linux-x86_64 0.2.0 16.57 39.43 56.00 OK
r-release-osx-x86_64 0.2.0 NOTE
r-release-windows-ix86+x86_64 0.2.0 46.00 164.00 210.00 OK
r-oldrel-osx-x86_64 0.2.0 NOTE
r-oldrel-windows-ix86+x86_64 0.2.0 56.00 74.00 130.00 OK

Check Details

Version: 0.2.0
Check: dependencies in R code
Result: NOTE
    Namespace in Imports field not imported from: ‘rgdal’
     All declared Imports should be used.
Flavors: r-devel-linux-x86_64-fedora-clang, r-devel-linux-x86_64-fedora-gcc, r-patched-solaris-x86, r-release-osx-x86_64, r-oldrel-osx-x86_64