CRAN Package Check Results for Package rflexscan

Last updated on 2019-10-18 06:48:51 CEST.

Flavor Version Tinstall Tcheck Ttotal Status Flags
r-devel-linux-x86_64-debian-clang 0.2.0 22.85 33.20 56.05 OK
r-devel-linux-x86_64-debian-gcc 0.2.0 15.01 27.12 42.13 OK
r-devel-linux-x86_64-fedora-clang 0.2.0 73.91 NOTE
r-devel-linux-x86_64-fedora-gcc 0.2.0 70.82 NOTE
r-devel-windows-ix86+x86_64 0.2.0 51.00 65.00 116.00 OK
r-patched-linux-x86_64 0.2.0 18.18 33.17 51.35 OK
r-patched-solaris-x86 0.2.0 93.80 NOTE
r-release-linux-x86_64 0.2.0 16.28 34.21 50.49 OK
r-release-windows-ix86+x86_64 0.2.0 35.00 104.00 139.00 OK
r-release-osx-x86_64 0.2.0 NOTE
r-oldrel-windows-ix86+x86_64 0.2.0 32.00 66.00 98.00 OK
r-oldrel-osx-x86_64 0.2.0 NOTE

Check Details

Version: 0.2.0
Check: dependencies in R code
Result: NOTE
    Namespace in Imports field not imported from: ‘rgdal’
     All declared Imports should be used.
Flavors: r-devel-linux-x86_64-fedora-clang, r-devel-linux-x86_64-fedora-gcc, r-patched-solaris-x86, r-release-osx-x86_64, r-oldrel-osx-x86_64