CRAN Package Check Results for Package rflexscan

Last updated on 2022-12-03 08:56:09 CET.

Flavor Version Tinstall Tcheck Ttotal Status Flags
r-devel-linux-x86_64-debian-clang 1.0.0 22.37 45.56 67.93 OK
r-devel-linux-x86_64-debian-gcc 1.0.0 19.15 35.14 54.29 OK
r-devel-linux-x86_64-fedora-clang 1.0.0 108.14 NOTE
r-devel-linux-x86_64-fedora-gcc 1.0.0 97.70 NOTE
r-devel-windows-x86_64 1.0.0 34.00 100.00 134.00 OK
r-patched-linux-x86_64 1.0.0 20.89 43.36 64.25 OK
r-release-linux-x86_64 1.0.0 24.63 45.15 69.78 OK
r-release-macos-arm64 1.0.0 32.00 NOTE
r-release-macos-x86_64 1.0.0 41.00 NOTE
r-release-windows-x86_64 1.0.0 36.00 106.00 142.00 OK
r-oldrel-macos-arm64 1.0.0 53.00 NOTE
r-oldrel-macos-x86_64 1.0.0 42.00 NOTE
r-oldrel-windows-ix86+x86_64 1.0.0 58.00 98.00 156.00 OK

Check Details

Version: 1.0.0
Check: dependencies in R code
Result: NOTE
    Namespace in Imports field not imported from: ‘rgdal’
     All declared Imports should be used.
Flavors: r-devel-linux-x86_64-fedora-clang, r-devel-linux-x86_64-fedora-gcc, r-release-macos-arm64, r-release-macos-x86_64, r-oldrel-macos-arm64, r-oldrel-macos-x86_64