CRAN Package Check Results for Package rgdal

Last updated on 2022-10-06 04:51:36 CEST.

Flavor Version Tinstall Tcheck Ttotal Status Flags
r-devel-linux-x86_64-debian-clang 1.5-32 40.14 131.35 171.49 OK
r-devel-linux-x86_64-debian-gcc 1.5-32 26.71 103.63 130.34 OK
r-devel-linux-x86_64-fedora-clang 1.5-32 233.92 WARN
r-devel-linux-x86_64-fedora-gcc 1.5-32 224.56 WARN
r-devel-windows-x86_64 1.5-32 171.00 704.00 875.00 NOTE
r-patched-linux-x86_64 1.5-32 32.21 127.91 160.12 OK
r-release-linux-x86_64 1.5-32 32.05 127.52 159.57 OK
r-release-macos-arm64 1.5-32 108.00 NOTE
r-release-macos-x86_64 1.5-32 173.00 NOTE
r-release-windows-x86_64 1.5-32 150.00 739.00 889.00 NOTE
r-oldrel-macos-arm64 1.5-32 111.00 NOTE
r-oldrel-macos-x86_64 1.5-32 166.00 NOTE
r-oldrel-windows-ix86+x86_64 1.5-32 185.00 627.00 812.00 NOTE

Check Details

Version: 1.5-32
Check: whether package can be installed
Result: WARN
    Found the following significant warnings:
     /data/gannet/ripley/R/test-clang/sp/include/sp.h:95:37: warning: a function declaration without a prototype is deprecated in all versions of C [-Wstrict-prototypes]
     ./rgdal.h:28:25: warning: a function declaration without a prototype is deprecated in all versions of C [-Wstrict-prototypes]
     ./rgdal.h:29:42: warning: a function declaration without a prototype is deprecated in all versions of C [-Wstrict-prototypes]
     ./rgdal.h:130:32: warning: a function declaration without a prototype is deprecated in all versions of C [-Wstrict-prototypes]
     ./rgdal.h:134:26: warning: a function declaration without a prototype is deprecated in all versions of C [-Wstrict-prototypes]
     ./rgdal.h:135:25: warning: a function declaration without a prototype is deprecated in all versions of C [-Wstrict-prototypes]
     ./rgdal.h:136:26: warning: a function declaration without a prototype is deprecated in all versions of C [-Wstrict-prototypes]
     ./rgdal.h:138:21: warning: a function declaration without a prototype is deprecated in all versions of C [-Wstrict-prototypes]
Flavor: r-devel-linux-x86_64-fedora-clang

Version: 1.5-32
Check: installed package size
Result: NOTE
     installed size is 7.9Mb
     sub-directories of 1Mb or more:
     doc 3.7Mb
     pictures 1.3Mb
Flavors: r-devel-linux-x86_64-fedora-clang, r-devel-windows-x86_64, r-release-macos-arm64, r-release-macos-x86_64, r-release-windows-x86_64, r-oldrel-macos-arm64, r-oldrel-macos-x86_64, r-oldrel-windows-ix86+x86_64

Version: 1.5-32
Check: whether package can be installed
Result: WARN
    Found the following significant warnings:
     /data/gannet/ripley/R/test-dev/sp/include/sp.h:95:1: warning: function declaration isn’t a prototype [-Wstrict-prototypes]
     rgdal.h:28:1: warning: function declaration isn’t a prototype [-Wstrict-prototypes]
     rgdal.h:29:1: warning: function declaration isn’t a prototype [-Wstrict-prototypes]
     rgdal.h:130:1: warning: function declaration isn’t a prototype [-Wstrict-prototypes]
     rgdal.h:134:1: warning: function declaration isn’t a prototype [-Wstrict-prototypes]
     rgdal.h:135:1: warning: function declaration isn’t a prototype [-Wstrict-prototypes]
     rgdal.h:136:1: warning: function declaration isn’t a prototype [-Wstrict-prototypes]
     rgdal.h:138:1: warning: function declaration isn’t a prototype [-Wstrict-prototypes]
Flavor: r-devel-linux-x86_64-fedora-gcc