CRAN Package Check Results for Package rgenius

Last updated on 2022-08-09 01:54:58 CEST.

Flavor Version Tinstall Tcheck Ttotal Status Flags
r-devel-linux-x86_64-debian-clang 0.1.0 5.25 50.26 55.51 NOTE
r-devel-linux-x86_64-debian-gcc 0.1.0 4.30 37.47 41.77 NOTE
r-devel-linux-x86_64-fedora-clang 0.1.0 76.21 NOTE
r-devel-linux-x86_64-fedora-gcc 0.1.0 74.32 NOTE
r-devel-windows-x86_64 0.1.0 10.00 71.00 81.00 NOTE
r-patched-linux-x86_64 0.1.0 5.19 46.52 51.71 NOTE
r-release-linux-x86_64 0.1.0 NOTE
r-release-macos-arm64 0.1.0 22.00 NOTE
r-release-macos-x86_64 0.1.0 41.00 NOTE
r-release-windows-x86_64 0.1.0 13.00 72.00 85.00 NOTE
r-oldrel-macos-arm64 0.1.0 25.00 NOTE
r-oldrel-macos-x86_64 0.1.0 36.00 NOTE
r-oldrel-windows-ix86+x86_64 0.1.0 15.00 64.00 79.00 NOTE

Check Details

Version: 0.1.0
Check: LazyData
Result: NOTE
     'LazyData' is specified without a 'data' directory
Flavors: r-devel-linux-x86_64-debian-clang, r-devel-linux-x86_64-debian-gcc, r-devel-linux-x86_64-fedora-clang, r-devel-linux-x86_64-fedora-gcc, r-devel-windows-x86_64, r-patched-linux-x86_64, r-release-linux-x86_64, r-release-macos-arm64, r-release-macos-x86_64, r-release-windows-x86_64, r-oldrel-macos-arm64, r-oldrel-macos-x86_64, r-oldrel-windows-ix86+x86_64