CRAN Package Check Results for Package rgenoud

Last updated on 2020-02-18 06:47:43 CET.

Flavor Version Tinstall Tcheck Ttotal Status Flags
r-devel-linux-x86_64-debian-clang 5.8-3.0 14.23 47.50 61.73 NOTE
r-devel-linux-x86_64-debian-gcc 5.8-3.0 7.26 41.64 48.90 NOTE
r-devel-linux-x86_64-fedora-clang 5.8-3.0 81.77 NOTE
r-devel-linux-x86_64-fedora-gcc 5.8-3.0 85.58 NOTE
r-devel-windows-ix86+x86_64 5.8-3.0 30.00 115.00 145.00 NOTE
r-devel-windows-ix86+x86_64-gcc8 5.8-3.0 41.00 102.00 143.00 NOTE
r-patched-linux-x86_64 5.8-3.0 8.39 61.77 70.16 NOTE
r-patched-solaris-x86 5.8-3.0 103.10 NOTE
r-release-linux-x86_64 5.8-3.0 8.06 52.45 60.51 NOTE
r-release-windows-ix86+x86_64 5.8-3.0 28.00 120.00 148.00 NOTE
r-release-osx-x86_64 5.8-3.0 NOTE
r-oldrel-windows-ix86+x86_64 5.8-3.0 38.00 154.00 192.00 NOTE
r-oldrel-osx-x86_64 5.8-3.0 NOTE

Additional issues

clang-UBSAN gcc-UBSAN

Check Details

Version: 5.8-3.0
Check: R code for possible problems
Result: NOTE
    genoud: multiple local function definitions for 'fn1.bfgs' with
     different formal arguments
    genoud: multiple local function definitions for 'gr1' with different
     formal arguments
    genoud: multiple local function definitions for 'hess.fn' with
     different formal arguments
    genoud_transform: multiple local function definitions for 'fn1.bfgs'
     with different formal arguments
    genoud_transform: multiple local function definitions for 'gr1' with
     different formal arguments
Flavors: r-devel-linux-x86_64-debian-clang, r-devel-linux-x86_64-debian-gcc, r-devel-linux-x86_64-fedora-clang, r-devel-linux-x86_64-fedora-gcc, r-devel-windows-ix86+x86_64, r-devel-windows-ix86+x86_64-gcc8, r-patched-linux-x86_64, r-patched-solaris-x86, r-release-linux-x86_64, r-release-windows-ix86+x86_64, r-release-osx-x86_64, r-oldrel-windows-ix86+x86_64, r-oldrel-osx-x86_64