CRAN Package Check Results for Package rgeoapi

Last updated on 2018-06-23 16:46:54 CEST.

Flavor Version Tinstall Tcheck Ttotal Status Flags
r-devel-linux-x86_64-debian-clang 1.1.0 1.53 24.73 26.26 OK
r-devel-linux-x86_64-debian-gcc 1.1.0 1.21 19.23 20.44 OK
r-devel-linux-x86_64-fedora-clang 1.1.0 30.55 OK
r-devel-linux-x86_64-fedora-gcc 1.1.0 28.78 OK
r-devel-windows-ix86+x86_64 1.1.0 5.00 38.00 43.00 ERROR
r-patched-linux-x86_64 1.1.0 1.04 23.25 24.29 OK
r-patched-solaris-x86 1.1.0 42.50 OK
r-release-linux-x86_64 1.1.0 1.15 23.25 24.40 OK
r-release-windows-ix86+x86_64 1.1.0 6.00 53.00 59.00 OK
r-release-osx-x86_64 1.1.0 OK
r-oldrel-windows-ix86+x86_64 1.1.0 5.00 35.00 40.00 OK
r-oldrel-osx-x86_64 1.1.0 OK

Check Details

Version: 1.1.0
Check: examples
Result: ERROR
    Running examples in 'rgeoapi-Ex.R' failed
    The error most likely occurred in:
    
    > ### Name: ComByName
    > ### Title: Get City by Name
    > ### Aliases: ComByName
    >
    > ### ** Examples
    >
    > ComByName(nom = "Brest")
    Error in curl::curl_fetch_memory(url, handle = handle) :
     Failed to connect to geo.api.gouv.fr port 443: Connection refused
    Calls: ComByName ... request_fetch -> request_fetch.write_memory -> <Anonymous>
    Execution halted
Flavor: r-devel-windows-ix86+x86_64