Last updated on 2022-06-30 04:50:12 CEST.
Flavor | Version | Tinstall | Tcheck | Ttotal | Status | Flags |
---|---|---|---|---|---|---|
r-devel-linux-x86_64-debian-clang | 1.4.2 | 45.66 | 35.93 | 81.59 | OK | |
r-devel-linux-x86_64-debian-gcc | 1.4.2 | 41.14 | 27.96 | 69.10 | OK | |
r-devel-linux-x86_64-fedora-clang | 1.4.2 | 129.15 | NOTE | |||
r-devel-linux-x86_64-fedora-gcc | 1.4.2 | 118.68 | OK | |||
r-devel-windows-x86_64 | 1.4.2 | 70.00 | 92.00 | 162.00 | NOTE | |
r-patched-linux-x86_64 | 1.4.2 | 40.67 | 34.93 | 75.60 | OK | |
r-release-linux-x86_64 | 1.4.2 | 45.53 | 35.06 | 80.59 | OK | |
r-release-macos-arm64 | 1.4.2 | 43.00 | NOTE | |||
r-release-macos-x86_64 | 1.4.2 | 58.00 | NOTE | |||
r-release-windows-x86_64 | 1.4.2 | 75.00 | 85.00 | 160.00 | NOTE | |
r-oldrel-macos-arm64 | 1.4.2 | 42.00 | NOTE | |||
r-oldrel-macos-x86_64 | 1.4.2 | 58.00 | NOTE | |||
r-oldrel-windows-ix86+x86_64 | 1.4.2 | 139.00 | 80.00 | 219.00 | NOTE |
Version: 1.4.2
Check: installed package size
Result: NOTE
installed size is 5.9Mb
sub-directories of 1Mb or more:
extdata 4.4Mb
libs 1.3Mb
Flavors: r-devel-linux-x86_64-fedora-clang, r-devel-windows-x86_64, r-release-macos-arm64, r-release-macos-x86_64, r-release-windows-x86_64, r-oldrel-macos-arm64, r-oldrel-macos-x86_64, r-oldrel-windows-ix86+x86_64