CRAN Package Check Results for Package rgeomstats

Last updated on 2024-06-17 13:57:07 CEST.

Flavor Version Tinstall Tcheck Ttotal Status Flags
r-devel-linux-x86_64-debian-clang 0.0.1 29.18 109.06 138.24 NOTE
r-devel-linux-x86_64-debian-gcc 0.0.1 20.66 83.25 103.91 NOTE
r-devel-linux-x86_64-fedora-clang 0.0.1 169.01 NOTE
r-devel-linux-x86_64-fedora-gcc 0.0.1 162.20 NOTE
r-devel-windows-x86_64 0.0.1 20.00 158.00 178.00 NOTE
r-patched-linux-x86_64 0.0.1 24.74 104.05 128.79 NOTE
r-release-linux-x86_64 0.0.1 20.51 104.96 125.47 NOTE
r-release-macos-arm64 0.0.1 43.00 NOTE
r-release-macos-x86_64 0.0.1 68.00 NOTE
r-release-windows-x86_64 0.0.1 19.00 169.00 188.00 NOTE
r-oldrel-macos-arm64 0.0.1 50.00 OK
r-oldrel-macos-x86_64 0.0.1 73.00 OK
r-oldrel-windows-x86_64 0.0.1 25.00 149.00 174.00 OK

Check Details

Version: 0.0.1
Check: Rd files
Result: NOTE checkRd: (-1) RiemannianMetric.Rd:450-453: Lost braces 450 | if (reticulate::py_module_available("geomstats")) { | ^ checkRd: (-1) RiemannianMetric.Rd:484-487: Lost braces 484 | if (reticulate::py_module_available("geomstats")) { | ^ checkRd: (-1) RiemannianMetric.Rd:588-591: Lost braces 588 | if (reticulate::py_module_available("geomstats")) { | ^ Flavors: r-devel-linux-x86_64-debian-clang, r-devel-linux-x86_64-debian-gcc, r-devel-linux-x86_64-fedora-clang, r-devel-linux-x86_64-fedora-gcc, r-devel-windows-x86_64, r-patched-linux-x86_64, r-release-linux-x86_64, r-release-macos-arm64, r-release-macos-x86_64, r-release-windows-x86_64