Last updated on 2023-12-05 10:51:17 CET.
Flavor | Version | Tinstall | Tcheck | Ttotal | Status | Flags |
---|---|---|---|---|---|---|
r-devel-linux-x86_64-debian-clang | 0.0.1 | 22.59 | 106.99 | 129.58 | NOTE | |
r-devel-linux-x86_64-debian-gcc | 0.0.1 | 15.17 | 82.69 | 97.86 | NOTE | |
r-devel-linux-x86_64-fedora-clang | 0.0.1 | 169.02 | OK | |||
r-devel-linux-x86_64-fedora-gcc | 0.0.1 | 159.44 | OK | |||
r-devel-windows-x86_64 | 0.0.1 | 20.00 | 161.00 | 181.00 | OK | |
r-patched-linux-x86_64 | 0.0.1 | 24.39 | 105.87 | 130.26 | OK | |
r-release-linux-x86_64 | 0.0.1 | 21.14 | 102.81 | 123.95 | OK | |
r-release-macos-arm64 | 0.0.1 | 50.00 | OK | |||
r-release-macos-x86_64 | 0.0.1 | 73.00 | OK | |||
r-release-windows-x86_64 | 0.0.1 | 27.00 | 148.00 | 175.00 | OK | |
r-oldrel-macos-arm64 | 0.0.1 | 46.00 | OK | |||
r-oldrel-macos-x86_64 | 0.0.1 | 61.00 | OK | |||
r-oldrel-windows-x86_64 | 0.0.1 | 25.00 | 131.00 | 156.00 | OK |
Version: 0.0.1
Check: Rd files
Result: NOTE
checkRd: (-1) RiemannianMetric.Rd:450-453: Lost braces
450 | if (reticulate::py_module_available("geomstats")) {
| ^
checkRd: (-1) RiemannianMetric.Rd:484-487: Lost braces
484 | if (reticulate::py_module_available("geomstats")) {
| ^
checkRd: (-1) RiemannianMetric.Rd:588-591: Lost braces
588 | if (reticulate::py_module_available("geomstats")) {
| ^
Flavors: r-devel-linux-x86_64-debian-clang, r-devel-linux-x86_64-debian-gcc