CRAN Package Check Results for Package rgeopat2

Last updated on 2018-02-23 14:49:42 CET.

Flavor Version Tinstall Tcheck Ttotal Status Flags
r-devel-linux-x86_64-debian-clang 0.2.0 1.72 36.26 37.98 OK
r-devel-linux-x86_64-debian-gcc 0.2.0 2.53 32.17 34.70 OK
r-devel-linux-x86_64-fedora-clang 0.2.0 47.80 OK
r-devel-linux-x86_64-fedora-gcc 0.2.0 45.91 OK
r-devel-windows-ix86+x86_64 0.2.0 7.00 75.00 82.00 OK
r-patched-linux-x86_64 0.2.0 2.26 37.89 40.15 OK
r-patched-solaris-x86 0.2.0 75.60 OK
r-release-linux-x86_64 0.2.0 2.34 37.79 40.13 OK
r-release-windows-ix86+x86_64 0.2.0 10.00 68.00 78.00 OK
r-release-osx-x86_64 0.2.0 OK
r-oldrel-windows-ix86+x86_64 0.2.0 6.00 44.00 50.00 OK
r-oldrel-osx-x86_64 0.1.4 ERROR

Check Details

Version: 0.1.4
Check: whether package can be installed
Result: ERROR
    Installation failed.
Flavor: r-oldrel-osx-x86_64